Last updated on 2025-11-25 11:51:50 CET.
| Flavor | Version | Tinstall | Tcheck | Ttotal | Status | Flags |
|---|---|---|---|---|---|---|
| r-devel-linux-x86_64-debian-clang | 2.0.5 | 8.30 | 304.36 | 312.66 | OK | |
| r-devel-linux-x86_64-debian-gcc | 2.0.5 | 5.67 | 204.72 | 210.39 | OK | |
| r-devel-linux-x86_64-fedora-clang | 2.0.5 | 91.00 | 447.65 | 538.65 | OK | |
| r-devel-linux-x86_64-fedora-gcc | 2.0.5 | 20.00 | 437.07 | 457.07 | OK | |
| r-devel-windows-x86_64 | 2.0.5 | 14.00 | 259.00 | 273.00 | NOTE | |
| r-patched-linux-x86_64 | 2.0.5 | 10.02 | 286.18 | 296.20 | OK | |
| r-release-linux-x86_64 | 2.0.5 | 8.15 | 287.68 | 295.83 | OK | |
| r-release-macos-arm64 | 2.0.5 | OK | ||||
| r-release-macos-x86_64 | 2.0.5 | 18.00 | 473.00 | 491.00 | OK | |
| r-release-windows-x86_64 | 2.0.5 | 11.00 | 249.00 | 260.00 | OK | |
| r-oldrel-macos-arm64 | 2.0.5 | OK | ||||
| r-oldrel-macos-x86_64 | 2.0.5 | 7.00 | 264.00 | 271.00 | OK | |
| r-oldrel-windows-x86_64 | 2.0.5 | 15.00 | 358.00 | 373.00 | OK |
Version: 2.0.5
Check: Rd files
Result: NOTE
checkRd: (-1) collapse_groups.Rd:414-426: Only 12 columns allowed in this table (row 1 has 8)
checkRd: (-1) collapse_groups.Rd:414-426: Only 12 columns allowed in this table (row 2 has 8)
checkRd: (-1) collapse_groups.Rd:414-426: Only 12 columns allowed in this table (row 3 has 8)
checkRd: (-1) collapse_groups.Rd:414-426: Only 12 columns allowed in this table (row 4 has 8)
checkRd: (-1) collapse_groups.Rd:414-426: Only 12 columns allowed in this table (row 5 has 8)
checkRd: (-1) collapse_groups.Rd:414-426: Only 12 columns allowed in this table (row 6 has 8)
checkRd: (-1) collapse_groups.Rd:414-426: Only 12 columns allowed in this table (row 7 has 8)
checkRd: (-1) collapse_groups.Rd:414-426: Only 12 columns allowed in this table (row 8 has 8)
Flavor: r-devel-windows-x86_64