Last updated on 2025-10-24 09:50:04 CEST.
| Flavor | Version | Tinstall | Tcheck | Ttotal | Status | Flags |
|---|---|---|---|---|---|---|
| r-devel-linux-x86_64-debian-clang | 0.4-3 | 39.31 | 187.03 | 226.34 | NOTE | |
| r-devel-linux-x86_64-debian-gcc | 0.4-3 | 24.85 | 126.77 | 151.62 | OK | |
| r-devel-linux-x86_64-fedora-clang | 0.4-3 | 119.00 | 246.81 | 365.81 | OK | |
| r-devel-linux-x86_64-fedora-gcc | 0.4-3 | 82.00 | 256.24 | 338.24 | OK | |
| r-devel-windows-x86_64 | 0.4-3 | 39.00 | 175.00 | 214.00 | OK | |
| r-patched-linux-x86_64 | 0.4-3 | 37.90 | 187.94 | 225.84 | OK | |
| r-release-linux-x86_64 | 0.4-3 | 37.51 | 189.56 | 227.07 | OK | |
| r-release-macos-arm64 | 0.4-3 | 19.00 | 75.00 | 94.00 | OK | |
| r-release-macos-x86_64 | 0.4-3 | 38.00 | 160.00 | 198.00 | OK | |
| r-release-windows-x86_64 | 0.4-3 | 40.00 | 178.00 | 218.00 | OK | |
| r-oldrel-macos-arm64 | 0.4-3 | 19.00 | 75.00 | 94.00 | OK | |
| r-oldrel-macos-x86_64 | 0.4-3 | 39.00 | 162.00 | 201.00 | OK | |
| r-oldrel-windows-x86_64 | 0.4-3 | 53.00 | 228.00 | 281.00 | OK |
Version: 0.4-3
Check: HTML version of manual
Result: NOTE
Found the following HTML validation problems:
print.goftime.html:53:1 (print.goftime.Rd:13): Warning: missing </ul> before </div>
Flavor: r-devel-linux-x86_64-debian-clang