Last updated on 2025-10-31 09:50:18 CET.
| Flavor | Version | Tinstall | Tcheck | Ttotal | Status | Flags | 
|---|---|---|---|---|---|---|
| r-devel-linux-x86_64-debian-clang | 0.1.5 | 6.94 | 57.88 | 64.82 | NOTE | |
| r-devel-linux-x86_64-debian-gcc | 0.1.5 | 4.49 | 43.68 | 48.17 | NOTE | |
| r-devel-linux-x86_64-fedora-clang | 0.1.5 | 31.00 | 74.35 | 105.35 | OK | |
| r-devel-linux-x86_64-fedora-gcc | 0.1.5 | 14.00 | 79.81 | 93.81 | OK | |
| r-devel-windows-x86_64 | 0.1.5 | 9.00 | 66.00 | 75.00 | OK | |
| r-patched-linux-x86_64 | 0.1.5 | 6.45 | 54.50 | 60.95 | OK | |
| r-release-linux-x86_64 | 0.1.5 | 6.30 | 55.27 | 61.57 | OK | |
| r-release-macos-arm64 | 0.1.5 | 15.00 | 30.00 | 45.00 | OK | |
| r-release-macos-x86_64 | 0.1.5 | 18.00 | 40.00 | 58.00 | OK | |
| r-release-windows-x86_64 | 0.1.5 | 10.00 | 68.00 | 78.00 | OK | |
| r-oldrel-macos-arm64 | 0.1.5 | 7.00 | 23.00 | 30.00 | NOTE | |
| r-oldrel-macos-x86_64 | 0.1.5 | 13.00 | 34.00 | 47.00 | NOTE | |
| r-oldrel-windows-x86_64 | 0.1.5 | 11.00 | 83.00 | 94.00 | NOTE | 
Version: 0.1.5
Check: CRAN incoming feasibility
Result: NOTE
  Maintainer: ‘Calli Gross <ggthemeassist@icloud.com>’
  
  No Authors@R field in DESCRIPTION.
  Please add one, modifying
    Authors@R: c(person(given = "Calli",
                        family = "Gross",
                        role = c("aut", "cre"),
                        email = "ggthemeassist@icloud.com"),
                 person(given = "Philipp",
                        family = "Ottolinger",
                        role = c("aut", "ctb")))
  as necessary.
Flavors: r-devel-linux-x86_64-debian-clang, r-devel-linux-x86_64-debian-gcc
Version: 0.1.5
Check: LazyData
Result: NOTE
    'LazyData' is specified without a 'data' directory
Flavors: r-oldrel-macos-arm64, r-oldrel-macos-x86_64, r-oldrel-windows-x86_64