Last updated on 2025-11-21 09:49:04 CET.
| Flavor | Version | Tinstall | Tcheck | Ttotal | Status | Flags |
|---|---|---|---|---|---|---|
| r-devel-linux-x86_64-debian-clang | 1.0.4 | 3.46 | 30.75 | 34.21 | NOTE | |
| r-devel-linux-x86_64-debian-gcc | 1.0.4 | 2.52 | 23.49 | 26.01 | NOTE | |
| r-devel-linux-x86_64-fedora-clang | 1.0.4 | 11.00 | 39.40 | 50.40 | OK | |
| r-devel-linux-x86_64-fedora-gcc | 1.0.4 | 45.99 | OK | |||
| r-devel-windows-x86_64 | 1.0.4 | 8.00 | 49.00 | 57.00 | OK | |
| r-patched-linux-x86_64 | 1.0.4 | 3.56 | 27.32 | 30.88 | OK | |
| r-release-linux-x86_64 | 1.0.4 | 3.16 | 27.22 | 30.38 | OK | |
| r-release-macos-arm64 | 1.0.4 | OK | ||||
| r-release-macos-x86_64 | 1.0.4 | 6.00 | 33.00 | 39.00 | OK | |
| r-release-windows-x86_64 | 1.0.4 | 6.00 | 49.00 | 55.00 | OK | |
| r-oldrel-macos-arm64 | 1.0.4 | OK | ||||
| r-oldrel-macos-x86_64 | 1.0.4 | 3.00 | 23.00 | 26.00 | OK | |
| r-oldrel-windows-x86_64 | 1.0.4 | 7.00 | 54.00 | 61.00 | OK |
Version: 1.0.4
Check: CRAN incoming feasibility
Result: NOTE
Maintainer: ‘Artur Araujo <artur.stat@gmail.com>’
Package CITATION file contains call(s) to old-style personList() or
as.personList(). Please use c() on person objects instead.
Package CITATION file contains call(s) to old-style citEntry(). Please
use bibentry() instead.
Flavors: r-devel-linux-x86_64-debian-clang, r-devel-linux-x86_64-debian-gcc