Last updated on 2025-11-13 09:50:47 CET.
| Flavor | Version | Tinstall | Tcheck | Ttotal | Status | Flags |
|---|---|---|---|---|---|---|
| r-devel-linux-x86_64-debian-clang | 0.3.1 | 29.59 | 46.70 | 76.29 | OK | |
| r-devel-linux-x86_64-debian-gcc | 0.3.1 | 23.33 | 36.20 | 59.53 | OK | |
| r-devel-linux-x86_64-fedora-clang | 0.3.1 | 112.00 | 19.98 | 131.98 | OK | |
| r-devel-linux-x86_64-fedora-gcc | 0.3.1 | 66.00 | 59.67 | 125.67 | OK | |
| r-devel-windows-x86_64 | 0.3.1 | 38.00 | 82.00 | 120.00 | OK | |
| r-patched-linux-x86_64 | 0.3.1 | 32.40 | 46.86 | 79.26 | OK | |
| r-release-linux-x86_64 | 0.3.1 | 33.71 | 46.58 | 80.29 | OK | |
| r-release-macos-arm64 | 0.3.1 | 14.00 | 24.00 | 38.00 | OK | |
| r-release-macos-x86_64 | 0.3.1 | 27.00 | 41.00 | 68.00 | OK | |
| r-release-windows-x86_64 | 0.3.1 | 36.00 | 81.00 | 117.00 | OK | |
| r-oldrel-macos-arm64 | 0.3.1 | 13.00 | 27.00 | 40.00 | NOTE | |
| r-oldrel-macos-x86_64 | 0.3.1 | 31.00 | 47.00 | 78.00 | NOTE | |
| r-oldrel-windows-x86_64 | 0.3.1 | 41.00 | 97.00 | 138.00 | OK |
Version: 0.3.1
Check: installed package size
Result: NOTE
installed size is 11.1Mb
sub-directories of 1Mb or more:
libs 10.5Mb
Flavors: r-oldrel-macos-arm64, r-oldrel-macos-x86_64