Last updated on 2025-10-24 09:50:03 CEST.
| Flavor | Version | Tinstall | Tcheck | Ttotal | Status | Flags |
|---|---|---|---|---|---|---|
| r-devel-linux-x86_64-debian-clang | 0.1.16 | 36.61 | 349.86 | 386.47 | OK | |
| r-devel-linux-x86_64-debian-gcc | 0.1.16 | 25.85 | 242.44 | 268.29 | OK | |
| r-devel-linux-x86_64-fedora-clang | 0.1.16 | 297.00 | 362.86 | 659.86 | NOTE | |
| r-devel-linux-x86_64-fedora-gcc | 0.1.16 | 163.00 | 529.80 | 692.80 | OK | |
| r-devel-windows-x86_64 | 0.1.16 | 29.00 | 275.00 | 304.00 | OK | |
| r-patched-linux-x86_64 | 0.1.16 | 41.51 | 372.63 | 414.14 | OK | |
| r-release-linux-x86_64 | 0.1.16 | 38.75 | 377.05 | 415.80 | OK | |
| r-release-macos-arm64 | 0.1.16 | 34.00 | 258.00 | 292.00 | OK | |
| r-release-macos-x86_64 | 0.1.16 | 38.00 | 336.00 | 374.00 | OK | |
| r-release-windows-x86_64 | 0.1.16 | 29.00 | 269.00 | 298.00 | OK | |
| r-oldrel-macos-arm64 | 0.1.16 | 34.00 | 264.00 | 298.00 | OK | |
| r-oldrel-macos-x86_64 | 0.1.16 | 43.00 | 360.00 | 403.00 | OK | |
| r-oldrel-windows-x86_64 | 0.1.16 | 38.00 | 354.00 | 392.00 | OK |
Version: 0.1.16
Check: HTML version of manual
Result: NOTE
Skipping checking math rendering: package 'V8' unavailable
Flavor: r-devel-linux-x86_64-fedora-clang