Last updated on 2025-10-24 09:50:05 CEST.
| Flavor | Version | Tinstall | Tcheck | Ttotal | Status | Flags |
|---|---|---|---|---|---|---|
| r-devel-linux-x86_64-debian-clang | 1.0 | 12.14 | 53.80 | 65.94 | NOTE | |
| r-devel-linux-x86_64-debian-gcc | 1.0 | 7.34 | 34.69 | 42.03 | NOTE | |
| r-devel-linux-x86_64-fedora-clang | 1.0 | 42.00 | 67.05 | 109.05 | OK | |
| r-devel-linux-x86_64-fedora-gcc | 1.0 | 27.00 | 68.56 | 95.56 | OK | |
| r-devel-windows-x86_64 | 1.0 | 12.00 | 59.00 | 71.00 | OK | |
| r-patched-linux-x86_64 | 1.0 | 12.04 | 49.05 | 61.09 | OK | |
| r-release-linux-x86_64 | 1.0 | 11.13 | 49.55 | 60.68 | OK | |
| r-release-macos-arm64 | 1.0 | 4.00 | 25.00 | 29.00 | OK | |
| r-release-macos-x86_64 | 1.0 | 11.00 | 40.00 | 51.00 | OK | |
| r-release-windows-x86_64 | 1.0 | 11.00 | 62.00 | 73.00 | OK | |
| r-oldrel-macos-arm64 | 1.0 | 4.00 | 22.00 | 26.00 | OK | |
| r-oldrel-macos-x86_64 | 1.0 | 8.00 | 33.00 | 41.00 | OK | |
| r-oldrel-windows-x86_64 | 1.0 | 11.00 | 74.00 | 85.00 | OK |
Version: 1.0
Check: CRAN incoming feasibility
Result: NOTE
Maintainer: ‘Hao Chen <hxchen@ucdavis.edu>’
No Authors@R field in DESCRIPTION.
Please add one, modifying
Authors@R: c(person(given = "Hao",
family = "Chen",
role = c("aut", "cre"),
email = "hxchen@ucdavis.edu"),
person(given = c("Nancy", "R."),
family = "Zhang",
role = "aut"),
person(given = "Lynna",
family = "Chu",
role = "aut"),
person(given = "Hoseung",
family = "Song",
role = "aut"))
as necessary.
Flavors: r-devel-linux-x86_64-debian-clang, r-devel-linux-x86_64-debian-gcc