Last updated on 2025-10-21 09:48:33 CEST.
Flavor | Version | Tinstall | Tcheck | Ttotal | Status | Flags |
---|---|---|---|---|---|---|
r-devel-linux-x86_64-debian-clang | 1.0.2 | 2.16 | 91.74 | 93.90 | OK | |
r-devel-linux-x86_64-debian-gcc | 1.0.2 | 1.73 | 75.96 | 77.69 | NOTE | |
r-devel-linux-x86_64-fedora-clang | 1.0.2 | 142.32 | OK | |||
r-devel-linux-x86_64-fedora-gcc | 1.0.2 | 161.52 | OK | |||
r-devel-windows-x86_64 | 1.0.2 | 4.00 | 123.00 | 127.00 | OK | |
r-patched-linux-x86_64 | 1.0.2 | 1.93 | 86.62 | 88.55 | OK | |
r-release-linux-x86_64 | 1.0.2 | 2.19 | 87.63 | 89.82 | OK | |
r-release-macos-arm64 | 1.0.2 | 104.00 | OK | |||
r-release-macos-x86_64 | 1.0.2 | 115.00 | OK | |||
r-release-windows-x86_64 | 1.0.2 | 5.00 | 124.00 | 129.00 | OK | |
r-oldrel-macos-arm64 | 1.0.2 | 95.00 | OK | |||
r-oldrel-macos-x86_64 | 1.0.2 | 116.00 | OK | |||
r-oldrel-windows-x86_64 | 1.0.2 | 6.00 | 146.00 | 152.00 | OK |
Version: 1.0.2
Check: HTML version of manual
Result: NOTE
Found the following HTML validation problems:
simDataFullyObs.html:66:1 (simDataFullyObs.Rd:21): Warning: missing </ul> before </div>
Flavor: r-devel-linux-x86_64-debian-gcc