Last updated on 2025-11-16 09:49:27 CET.
| Flavor | Version | Tinstall | Tcheck | Ttotal | Status | Flags |
|---|---|---|---|---|---|---|
| r-devel-linux-x86_64-debian-clang | 4.1.0 | 4.32 | 53.01 | 57.33 | OK | |
| r-devel-linux-x86_64-debian-gcc | 4.1.0 | 2.67 | 42.80 | 45.47 | OK | |
| r-devel-linux-x86_64-fedora-clang | 4.1.0 | 11.00 | 72.85 | 83.85 | OK | |
| r-devel-linux-x86_64-fedora-gcc | 4.1.0 | 92.09 | OK | |||
| r-devel-windows-x86_64 | 4.1.0 | 15.00 | 131.00 | 146.00 | NOTE | |
| r-patched-linux-x86_64 | 4.1.0 | 5.87 | 49.16 | 55.03 | OK | |
| r-release-linux-x86_64 | 4.1.0 | 3.97 | 49.88 | 53.85 | OK | |
| r-release-macos-arm64 | 4.1.0 | 2.00 | 53.00 | 55.00 | NOTE | |
| r-release-macos-x86_64 | 4.1.0 | 3.00 | 89.00 | 92.00 | NOTE | |
| r-release-windows-x86_64 | 4.1.0 | 6.00 | 127.00 | 133.00 | NOTE | |
| r-oldrel-macos-arm64 | 4.1.0 | 2.00 | 50.00 | 52.00 | NOTE | |
| r-oldrel-macos-x86_64 | 4.1.0 | 3.00 | 74.00 | 77.00 | NOTE | |
| r-oldrel-windows-x86_64 | 4.1.0 | 7.00 | 136.00 | 143.00 | NOTE |
Version: 4.1.0
Check: Rd files
Result: NOTE
checkRd: (-1) NEWS.Rd:234: Escaped LaTeX specials: \_
checkRd: (-1) NEWS.Rd:257: Escaped LaTeX specials: \_ \_
checkRd: (-1) NEWS.Rd:258: Escaped LaTeX specials: \_ \_
checkRd: (-1) NEWS.Rd:259: Escaped LaTeX specials: \_
checkRd: (-1) NEWS.Rd:262: Escaped LaTeX specials: \_
checkRd: (-1) NEWS.Rd:265: Escaped LaTeX specials: \_
Flavors: r-devel-windows-x86_64, r-release-macos-arm64, r-release-macos-x86_64, r-release-windows-x86_64, r-oldrel-macos-arm64, r-oldrel-macos-x86_64, r-oldrel-windows-x86_64