Last updated on 2025-10-24 09:50:03 CEST.
| Flavor | Version | Tinstall | Tcheck | Ttotal | Status | Flags |
|---|---|---|---|---|---|---|
| r-devel-linux-x86_64-debian-clang | 1.8.1 | 9.84 | 86.20 | 96.04 | NOTE | |
| r-devel-linux-x86_64-debian-gcc | 1.8.1 | 5.75 | 62.39 | 68.14 | OK | |
| r-devel-linux-x86_64-fedora-clang | 1.8.1 | 22.00 | 125.41 | 147.41 | OK | |
| r-devel-linux-x86_64-fedora-gcc | 1.8.1 | 19.00 | 117.50 | 136.50 | OK | |
| r-devel-windows-x86_64 | 1.8.1 | 11.00 | 97.00 | 108.00 | OK | |
| r-patched-linux-x86_64 | 1.8.1 | 10.16 | 80.82 | 90.98 | OK | |
| r-release-linux-x86_64 | 1.8.1 | 9.79 | 81.52 | 91.31 | OK | |
| r-release-macos-arm64 | 1.8.1 | 3.00 | 35.00 | 38.00 | OK | |
| r-release-macos-x86_64 | 1.8.1 | 8.00 | 65.00 | 73.00 | OK | |
| r-release-windows-x86_64 | 1.8.1 | 12.00 | 97.00 | 109.00 | OK | |
| r-oldrel-macos-arm64 | 1.8.1 | 4.00 | 39.00 | 43.00 | OK | |
| r-oldrel-macos-x86_64 | 1.8.1 | 7.00 | 69.00 | 76.00 | OK | |
| r-oldrel-windows-x86_64 | 1.8.1 | 16.00 | 125.00 | 141.00 | OK |
Version: 1.8.1
Check: HTML version of manual
Result: NOTE
Found the following HTML validation problems:
familias.html:50:1 (familias.Rd:11): Warning: missing </ul> before </div>
Flavor: r-devel-linux-x86_64-debian-clang