Last updated on 2025-11-24 09:50:32 CET.
| Flavor | Version | Tinstall | Tcheck | Ttotal | Status | Flags |
|---|---|---|---|---|---|---|
| r-devel-linux-x86_64-debian-clang | 0.1.0 | 1.11 | 9.34 | 10.45 | OK | |
| r-devel-linux-x86_64-debian-gcc | 0.1.0 | 0.97 | 8.35 | 9.32 | OK | |
| r-devel-linux-x86_64-fedora-clang | 0.1.0 | 15.46 | OK | |||
| r-devel-linux-x86_64-fedora-gcc | 0.1.0 | 14.64 | OK | |||
| r-devel-windows-x86_64 | 0.1.0 | 5.00 | 17.00 | 22.00 | OK | |
| r-patched-linux-x86_64 | 0.1.0 | 1.18 | 8.55 | 9.73 | OK | |
| r-release-linux-x86_64 | 0.1.0 | 1.15 | 8.29 | 9.44 | OK | |
| r-release-macos-arm64 | 0.1.0 | OK | ||||
| r-release-macos-x86_64 | 0.1.0 | 1.00 | 14.00 | 15.00 | OK | |
| r-release-windows-x86_64 | 0.1.0 | 3.00 | 16.00 | 19.00 | OK | |
| r-oldrel-macos-arm64 | 0.1.0 | NOTE | ||||
| r-oldrel-macos-x86_64 | 0.1.0 | 1.00 | 11.00 | 12.00 | NOTE | |
| r-oldrel-windows-x86_64 | 0.1.0 | 3.00 | 19.00 | 22.00 | NOTE |
Version: 0.1.0
Check: installed package size
Result: NOTE
installed size is 6.2Mb
sub-directories of 1Mb or more:
fonts 6.1Mb
Flavors: r-oldrel-macos-arm64, r-oldrel-macos-x86_64, r-oldrel-windows-x86_64
Version: 0.1.0
Check: LazyData
Result: NOTE
'LazyData' is specified without a 'data' directory
Flavors: r-oldrel-macos-arm64, r-oldrel-macos-x86_64, r-oldrel-windows-x86_64