CRAN Package Check Results for Package flexdashboard

Last updated on 2025-11-24 09:50:32 CET.

Flavor Version Tinstall Tcheck Ttotal Status Flags
r-devel-linux-x86_64-debian-clang 0.6.2 3.68 36.16 39.84 NOTE
r-devel-linux-x86_64-debian-gcc 0.6.2 2.48 28.27 30.75 NOTE
r-devel-linux-x86_64-fedora-clang 0.6.2 61.90 NOTE
r-devel-linux-x86_64-fedora-gcc 0.6.2 55.88 NOTE
r-devel-windows-x86_64 0.6.2 8.00 59.00 67.00 NOTE
r-patched-linux-x86_64 0.6.2 3.55 34.23 37.78 NOTE
r-release-linux-x86_64 0.6.2 3.63 33.86 37.49 NOTE
r-release-macos-arm64 0.6.2 NOTE
r-release-macos-x86_64 0.6.2 3.00 39.00 42.00 NOTE
r-release-windows-x86_64 0.6.2 7.00 57.00 64.00 NOTE
r-oldrel-macos-arm64 0.6.2 NOTE
r-oldrel-macos-x86_64 0.6.2 3.00 35.00 38.00 NOTE
r-oldrel-windows-x86_64 0.6.2 9.00 64.00 73.00 NOTE

Check Details

Version: 0.6.2
Check: Rd files
Result: NOTE checkRd: (-1) flex_dashboard.Rd:96: Lost braces; missing escapes or markup? 96 | the `{.storyboard}` attribute to individual pages rather than using the | ^ Flavors: r-devel-linux-x86_64-debian-clang, r-devel-linux-x86_64-debian-gcc, r-devel-linux-x86_64-fedora-clang, r-devel-linux-x86_64-fedora-gcc, r-devel-windows-x86_64, r-patched-linux-x86_64, r-release-linux-x86_64, r-release-macos-arm64, r-release-macos-x86_64, r-release-windows-x86_64, r-oldrel-macos-arm64, r-oldrel-macos-x86_64, r-oldrel-windows-x86_64