Last updated on 2025-10-31 09:50:17 CET.
| Flavor | Version | Tinstall | Tcheck | Ttotal | Status | Flags | 
|---|---|---|---|---|---|---|
| r-devel-linux-x86_64-debian-clang | 0.1.0 | 47.34 | 147.95 | 195.29 | WARN | |
| r-devel-linux-x86_64-debian-gcc | 0.1.0 | 27.53 | 94.21 | 121.74 | WARN | |
| r-devel-linux-x86_64-fedora-clang | 0.1.0 | 137.00 | 187.46 | 324.46 | NOTE | |
| r-devel-linux-x86_64-fedora-gcc | 0.1.0 | 83.00 | 227.55 | 310.55 | NOTE | |
| r-devel-windows-x86_64 | 0.1.0 | 51.00 | 177.00 | 228.00 | NOTE | |
| r-patched-linux-x86_64 | 0.1.0 | 42.40 | 133.44 | 175.84 | NOTE | |
| r-release-linux-x86_64 | 0.1.0 | 44.62 | 135.42 | 180.04 | NOTE | |
| r-release-macos-arm64 | 0.1.0 | 18.00 | 69.00 | 87.00 | NOTE | |
| r-release-macos-x86_64 | 0.1.0 | 25.00 | 158.00 | 183.00 | NOTE | |
| r-release-windows-x86_64 | 0.1.0 | 52.00 | 175.00 | 227.00 | NOTE | |
| r-oldrel-macos-arm64 | 0.1.0 | 16.00 | 61.00 | 77.00 | NOTE | |
| r-oldrel-macos-x86_64 | 0.1.0 | 20.00 | 127.00 | 147.00 | NOTE | |
| r-oldrel-windows-x86_64 | 0.1.0 | 62.00 | 229.00 | 291.00 | NOTE | 
Version: 0.1.0
Check: CRAN incoming feasibility
Result: NOTE
  Maintainer: ‘Florian Lecocq <florian.lecocq@outlook.com>’
  
  Package CITATION file contains call(s) to old-style personList() or
  as.personList().  Please use c() on person objects instead.
  Package CITATION file contains call(s) to old-style citEntry().  Please
  use bibentry() instead.
Flavors: r-devel-linux-x86_64-debian-clang, r-devel-linux-x86_64-debian-gcc
Version: 0.1.0
Check: whether package can be installed
Result: WARN
  Found the following significant warnings:
    /home/hornik/tmp/R.check/r-devel-clang/Work/build/Packages/RcppArmadillo/include/RcppArmadillo/version/arma.h:66:17: warning: Using fallback compilation with Armadillo 14.6.3. Please consider defining -DARMA_USE_CURRENT and also removing C++11 compilation directive. See GitHub issue #475 for more. [-W#pragma-messages]
  See ‘/home/hornik/tmp/R.check/r-devel-clang/Work/PKGS/flamingos.Rcheck/00install.out’ for details.
  * used C++ compiler: ‘Debian clang version 19.1.7 (7)’
Flavor: r-devel-linux-x86_64-debian-clang
Version: 0.1.0
Check: C++ specification
Result: NOTE
    Specified C++11: please drop specification unless essential
Flavors: r-devel-linux-x86_64-debian-clang, r-devel-linux-x86_64-debian-gcc, r-devel-linux-x86_64-fedora-clang, r-devel-linux-x86_64-fedora-gcc, r-devel-windows-x86_64, r-patched-linux-x86_64, r-release-linux-x86_64, r-release-macos-arm64, r-release-macos-x86_64, r-release-windows-x86_64, r-oldrel-macos-arm64, r-oldrel-macos-x86_64, r-oldrel-windows-x86_64
Version: 0.1.0
Check: Rd files
Result: NOTE
  checkRd: (-1) ModelMixHMM-class.Rd:31: Lost braces; missing escapes or markup?
      31 |         \code{smoothed} of class {StatMixHMM}).
         |                                  ^
  checkRd: (-1) ModelMixHMMR-class.Rd:31: Lost braces; missing escapes or markup?
      31 |         \code{smoothed} of class {StatMixHMMR}).
         |                                  ^
Flavors: r-devel-linux-x86_64-debian-clang, r-devel-linux-x86_64-debian-gcc, r-devel-linux-x86_64-fedora-clang, r-devel-linux-x86_64-fedora-gcc, r-devel-windows-x86_64, r-patched-linux-x86_64, r-release-linux-x86_64, r-release-macos-arm64, r-release-macos-x86_64, r-release-windows-x86_64, r-oldrel-macos-arm64, r-oldrel-macos-x86_64, r-oldrel-windows-x86_64
Version: 0.1.0
Check: whether package can be installed
Result: WARN
  Found the following significant warnings:
    /home/hornik/tmp/R.check/r-devel-gcc/Work/build/Packages/RcppArmadillo/include/RcppArmadillo/version/arma.h:66:199: note: ‘#pragma message: Using fallback compilation with Armadillo 14.6.3. Please consider defining -DARMA_USE_CURRENT and also removing C++11 compilation directive. See GitHub issue #475 for more.’
  See ‘/home/hornik/tmp/R.check/r-devel-gcc/Work/PKGS/flamingos.Rcheck/00install.out’ for details.
  * used C++ compiler: ‘g++-15 (Debian 15.2.0-4) 15.2.0’
Flavor: r-devel-linux-x86_64-debian-gcc
Version: 0.1.0
Check: installed package size
Result: NOTE
    installed size is  7.8Mb
    sub-directories of 1Mb or more:
      doc    1.9Mb
      help   2.3Mb
      libs   3.2Mb
Flavors: r-oldrel-macos-arm64, r-oldrel-macos-x86_64, r-oldrel-windows-x86_64