CRAN Package Check Results for Package flagr

Last updated on 2025-11-23 12:49:49 CET.

Flavor Version Tinstall Tcheck Ttotal Status Flags
r-devel-linux-x86_64-debian-clang 0.3.2 1.84 33.19 35.03 NOTE
r-devel-linux-x86_64-debian-gcc 0.3.2 1.57 25.70 27.27 NOTE
r-devel-linux-x86_64-fedora-clang 0.3.2 50.73 OK
r-devel-linux-x86_64-fedora-gcc 0.3.2 60.44 OK
r-devel-windows-x86_64 0.3.2 4.00 61.00 65.00 OK
r-patched-linux-x86_64 0.3.2 1.87 30.42 32.29 OK
r-release-linux-x86_64 0.3.2 1.72 30.58 32.30 OK
r-release-macos-arm64 0.3.2 OK
r-release-macos-x86_64 0.3.2 2.00 46.00 48.00 OK
r-release-windows-x86_64 0.3.2 3.00 61.00 64.00 OK
r-oldrel-macos-arm64 0.3.2 OK
r-oldrel-macos-x86_64 0.3.2 2.00 39.00 41.00 OK
r-oldrel-windows-x86_64 0.3.2 3.00 66.00 69.00 OK

Check Details

Version: 0.3.2
Check: CRAN incoming feasibility
Result: NOTE Maintainer: ‘Mátyás Mészáros <matyas.meszaros@ec.europa.eu>’ Found the following (possibly) invalid file URI: URI: vignettes/flagr_introduction.pdf From: README.md Flavors: r-devel-linux-x86_64-debian-clang, r-devel-linux-x86_64-debian-gcc