Last updated on 2025-11-25 11:51:48 CET.
| Flavor | Version | Tinstall | Tcheck | Ttotal | Status | Flags |
|---|---|---|---|---|---|---|
| r-devel-linux-x86_64-debian-clang | 0.6 | 2.90 | 30.58 | 33.48 | NOTE | |
| r-devel-linux-x86_64-debian-gcc | 0.6 | 2.17 | 24.20 | 26.37 | NOTE | |
| r-devel-linux-x86_64-fedora-clang | 0.6 | 50.10 | OK | |||
| r-devel-linux-x86_64-fedora-gcc | 0.6 | 61.46 | OK | |||
| r-devel-windows-x86_64 | 0.6 | 4.00 | 54.00 | 58.00 | OK | |
| r-patched-linux-x86_64 | 0.6 | 2.69 | 29.19 | 31.88 | OK | |
| r-release-linux-x86_64 | 0.6 | 2.49 | 28.87 | 31.36 | OK | |
| r-release-macos-arm64 | 0.6 | OK | ||||
| r-release-macos-x86_64 | 0.6 | 3.00 | 48.00 | 51.00 | OK | |
| r-release-windows-x86_64 | 0.6 | 5.00 | 66.00 | 71.00 | OK | |
| r-oldrel-macos-arm64 | 0.6 | OK | ||||
| r-oldrel-macos-x86_64 | 0.6 | 3.00 | 35.00 | 38.00 | OK | |
| r-oldrel-windows-x86_64 | 0.6 | 4.00 | 59.00 | 63.00 | OK |
Version: 0.6
Check: CRAN incoming feasibility
Result: NOTE
Maintainer: ‘Benjamin Baumgartner <benjamin@baumgrt.com>’
Package CITATION file contains call(s) to old-style personList() or
as.personList(). Please use c() on person objects instead.
Package CITATION file contains call(s) to old-style citEntry(). Please
use bibentry() instead.
Flavors: r-devel-linux-x86_64-debian-clang, r-devel-linux-x86_64-debian-gcc