CRAN Package Check Results for Package finalsize

Last updated on 2025-10-22 09:50:33 CEST.

Flavor Version Tinstall Tcheck Ttotal Status Flags
r-devel-linux-x86_64-debian-clang 0.2.1 25.27 109.44 134.71 NOTE
r-devel-linux-x86_64-debian-gcc 0.2.1 19.97 89.88 109.85 NOTE
r-devel-linux-x86_64-fedora-clang 0.2.1 67.00 151.30 218.30 OK
r-devel-linux-x86_64-fedora-gcc 0.2.1 61.00 176.93 237.93 OK
r-devel-windows-x86_64 0.2.1 28.00 114.00 142.00 OK
r-patched-linux-x86_64 0.2.1 27.90 104.49 132.39 OK
r-release-linux-x86_64 0.2.1 27.83 105.33 133.16 OK
r-release-macos-arm64 0.2.1 12.00 83.00 95.00 OK
r-release-macos-x86_64 0.2.1 21.00 147.00 168.00 OK
r-release-windows-x86_64 0.2.1 28.00 112.00 140.00 OK
r-oldrel-macos-arm64 0.2.1 12.00 71.00 83.00 NOTE
r-oldrel-macos-x86_64 0.2.1 14.00 111.00 125.00 NOTE
r-oldrel-windows-x86_64 0.2.1 36.00 141.00 177.00 OK

Check Details

Version: 0.2.1
Check: HTML version of manual
Result: NOTE Found the following HTML validation problems: dot-final_size.html:48:1 (dot-final_size.Rd:11): Warning: missing </ul> before </div> Flavors: r-devel-linux-x86_64-debian-clang, r-devel-linux-x86_64-debian-gcc

Version: 0.2.1
Check: installed package size
Result: NOTE installed size is 8.4Mb sub-directories of 1Mb or more: doc 1.1Mb libs 7.1Mb Flavors: r-oldrel-macos-arm64, r-oldrel-macos-x86_64