Last updated on 2025-10-21 09:48:32 CEST.
Flavor | Version | Tinstall | Tcheck | Ttotal | Status | Flags |
---|---|---|---|---|---|---|
r-devel-linux-x86_64-debian-clang | 0.1.1 | 3.89 | 46.03 | 49.92 | OK | |
r-devel-linux-x86_64-debian-gcc | 0.1.1 | 2.65 | 31.96 | 34.61 | NOTE | |
r-devel-linux-x86_64-fedora-clang | 0.1.1 | 68.42 | OK | |||
r-devel-linux-x86_64-fedora-gcc | 0.1.1 | 62.40 | OK | |||
r-devel-windows-x86_64 | 0.1.1 | 5.00 | 114.00 | 119.00 | OK | |
r-patched-linux-x86_64 | 0.1.1 | 4.12 | 41.26 | 45.38 | OK | |
r-release-linux-x86_64 | 0.1.1 | 3.32 | 41.13 | 44.45 | OK | |
r-release-macos-arm64 | 0.1.1 | 72.00 | OK | |||
r-release-macos-x86_64 | 0.1.1 | 95.00 | OK | |||
r-release-windows-x86_64 | 0.1.1 | 6.00 | 115.00 | 121.00 | OK | |
r-oldrel-macos-arm64 | 0.1.1 | 54.00 | OK | |||
r-oldrel-macos-x86_64 | 0.1.1 | 56.00 | OK | |||
r-oldrel-windows-x86_64 | 0.1.1 | 8.00 | 126.00 | 134.00 | OK |
Version: 0.1.1
Check: HTML version of manual
Result: NOTE
Found the following HTML validation problems:
getTaxonomy.html:47:1 (getTaxonomy.Rd:10): Warning: missing </ul> before </div>
Flavor: r-devel-linux-x86_64-debian-gcc