Last updated on 2025-11-24 09:50:32 CET.
| Flavor | Version | Tinstall | Tcheck | Ttotal | Status | Flags |
|---|---|---|---|---|---|---|
| r-devel-linux-x86_64-debian-clang | 1.0 | 2.21 | 28.43 | 30.64 | NOTE | |
| r-devel-linux-x86_64-debian-gcc | 1.0 | 1.71 | 21.81 | 23.52 | NOTE | |
| r-devel-linux-x86_64-fedora-clang | 1.0 | 42.77 | OK | |||
| r-devel-linux-x86_64-fedora-gcc | 1.0 | 40.65 | OK | |||
| r-devel-windows-x86_64 | 1.0 | 5.00 | 45.00 | 50.00 | OK | |
| r-patched-linux-x86_64 | 1.0 | 2.44 | 26.26 | 28.70 | OK | |
| r-release-linux-x86_64 | 1.0 | 2.21 | 26.45 | 28.66 | OK | |
| r-release-macos-arm64 | 1.0 | OK | ||||
| r-release-macos-x86_64 | 1.0 | 3.00 | 29.00 | 32.00 | OK | |
| r-release-windows-x86_64 | 1.0 | 3.00 | 55.00 | 58.00 | OK | |
| r-oldrel-macos-arm64 | 1.0 | OK | ||||
| r-oldrel-macos-x86_64 | 1.0 | 2.00 | 25.00 | 27.00 | OK | |
| r-oldrel-windows-x86_64 | 1.0 | 4.00 | 52.00 | 56.00 | OK |
Version: 1.0
Check: CRAN incoming feasibility
Result: NOTE
Maintainer: ‘Valentina Masarotto <v.masarotto@math.leidenuniv.nl>’
The Description field contains
in Masarotto, Panaretos & Zemel (2022) <arXiv:2212.04797>. - perform a
Please refer to arXiv e-prints via their arXiv DOI <doi:10.48550/arXiv.YYMM.NNNNN>.
Flavors: r-devel-linux-x86_64-debian-clang, r-devel-linux-x86_64-debian-gcc