CRAN Package Check Results for Package fdANOVA

Last updated on 2025-11-23 12:49:48 CET.

Flavor Version Tinstall Tcheck Ttotal Status Flags
r-devel-linux-x86_64-debian-clang 0.1.2 18.74 144.02 162.76 NOTE
r-devel-linux-x86_64-debian-gcc 0.1.2 11.79 101.10 112.89 NOTE
r-devel-linux-x86_64-fedora-clang 0.1.2 37.00 228.66 265.66 OK
r-devel-linux-x86_64-fedora-gcc 0.1.2 38.00 239.40 277.40 OK
r-devel-windows-x86_64 0.1.2 20.00 151.00 171.00 OK
r-patched-linux-x86_64 0.1.2 18.36 136.71 155.07 OK
r-release-linux-x86_64 0.1.2 18.05 138.50 156.55 OK
r-release-macos-arm64 0.1.2 OK
r-release-macos-x86_64 0.1.2 14.00 151.00 165.00 OK
r-release-windows-x86_64 0.1.2 19.00 147.00 166.00 OK
r-oldrel-macos-arm64 0.1.2 OK
r-oldrel-macos-x86_64 0.1.2 20.00 158.00 178.00 OK
r-oldrel-windows-x86_64 0.1.2 26.00 183.00 209.00 OK

Check Details

Version: 0.1.2
Check: CRAN incoming feasibility
Result: NOTE Maintainer: ‘Lukasz Smaga <ls@amu.edu.pl>’ No Authors@R field in DESCRIPTION. Please add one, modifying Authors@R: c(person(given = "Tomasz", family = "Gorecki", role = "aut"), person(given = "Lukasz", family = "Smaga", role = c("aut", "cre"), email = "ls@amu.edu.pl")) as necessary. Flavors: r-devel-linux-x86_64-debian-clang, r-devel-linux-x86_64-debian-gcc