Last updated on 2025-11-01 10:49:39 CET.
| Flavor | Version | Tinstall | Tcheck | Ttotal | Status | Flags |
|---|---|---|---|---|---|---|
| r-devel-linux-x86_64-debian-clang | 0.7.0 | 43.12 | 697.31 | 740.43 | OK | |
| r-devel-linux-x86_64-debian-gcc | 0.7.0 | 32.11 | 442.23 | 474.34 | OK | |
| r-devel-linux-x86_64-fedora-clang | 0.7.0 | 193.00 | 1024.98 | 1217.98 | OK | |
| r-devel-linux-x86_64-fedora-gcc | 0.7.0 | 322.00 | 875.24 | 1197.24 | OK | |
| r-devel-windows-x86_64 | 0.6.2 | 35.00 | 336.00 | 371.00 | OK | |
| r-patched-linux-x86_64 | 0.6.2 | 31.82 | 410.14 | 441.96 | OK | |
| r-release-linux-x86_64 | 0.6.2 | 32.34 | 403.49 | 435.83 | OK | |
| r-release-macos-arm64 | 0.7.0 | 18.00 | 165.00 | 183.00 | OK | |
| r-release-macos-x86_64 | 0.7.0 | 67.00 | 528.00 | 595.00 | OK | |
| r-release-windows-x86_64 | 0.7.0 | 41.00 | 463.00 | 504.00 | OK | |
| r-oldrel-macos-arm64 | 0.7.0 | 19.00 | 167.00 | 186.00 | OK | |
| r-oldrel-macos-x86_64 | 0.7.0 | 71.00 | 499.00 | 570.00 | OK | |
| r-oldrel-windows-x86_64 | 0.7.0 | 10.00 | 9.00 | 19.00 | ERROR |
Version: 0.7.0
Check: whether package can be installed
Result: ERROR
Installation failed.
Flavor: r-oldrel-windows-x86_64