Last updated on 2025-11-15 11:50:44 CET.
| Flavor | Version | Tinstall | Tcheck | Ttotal | Status | Flags |
|---|---|---|---|---|---|---|
| r-devel-linux-x86_64-debian-clang | 0.6.1 | 47.32 | 100.85 | 148.17 | OK | |
| r-devel-linux-x86_64-debian-gcc | 0.6.1 | 31.73 | 71.16 | 102.89 | OK | |
| r-devel-linux-x86_64-fedora-clang | 0.6.1 | 115.00 | 135.64 | 250.64 | OK | |
| r-devel-linux-x86_64-fedora-gcc | 0.6.1 | 171.00 | 80.43 | 251.43 | OK | |
| r-devel-windows-x86_64 | 0.6.1 | 68.00 | 133.00 | 201.00 | OK | |
| r-patched-linux-x86_64 | 0.6.1 | 49.84 | 96.52 | 146.36 | OK | |
| r-release-linux-x86_64 | 0.6.1 | 49.15 | 95.56 | 144.71 | OK | |
| r-release-macos-arm64 | 0.6.1 | 23.00 | 42.00 | 65.00 | OK | |
| r-release-macos-x86_64 | 0.6.1 | 34.00 | 83.00 | 117.00 | OK | |
| r-release-windows-x86_64 | 0.6.1 | 57.00 | 129.00 | 186.00 | OK | |
| r-oldrel-macos-arm64 | 0.6.1 | 18.00 | 41.00 | 59.00 | NOTE | |
| r-oldrel-macos-x86_64 | 0.6.1 | 31.00 | 75.00 | 106.00 | NOTE | |
| r-oldrel-windows-x86_64 | 0.6.1 | 71.00 | 162.00 | 233.00 | NOTE |
Version: 0.6.1
Check: installed package size
Result: NOTE
installed size is 8.5Mb
sub-directories of 1Mb or more:
data 5.6Mb
libs 2.6Mb
Flavors: r-oldrel-macos-arm64, r-oldrel-macos-x86_64, r-oldrel-windows-x86_64