Last updated on 2025-11-22 09:49:53 CET.
| Flavor | Version | Tinstall | Tcheck | Ttotal | Status | Flags |
|---|---|---|---|---|---|---|
| r-devel-linux-x86_64-debian-clang | 2.2.9 | 34.21 | 124.97 | 159.18 | OK | |
| r-devel-linux-x86_64-debian-gcc | 2.2.9 | 20.91 | 87.42 | 108.33 | OK | |
| r-devel-linux-x86_64-fedora-clang | 2.2.9 | 97.00 | 166.38 | 263.38 | OK | |
| r-devel-linux-x86_64-fedora-gcc | 2.2.9 | 99.00 | 162.89 | 261.89 | OK | |
| r-patched-linux-x86_64 | 2.2.9 | 33.47 | 113.48 | 146.95 | OK | |
| r-release-macos-arm64 | 2.2.8 | 17.00 | 19.00 | 36.00 | OK | |
| r-release-macos-x86_64 | 2.2.9 | 30.00 | 140.00 | 170.00 | OK | |
| r-release-windows-x86_64 | 2.2.9 | 39.00 | 176.00 | 215.00 | OK | |
| r-oldrel-macos-arm64 | 2.2.9 | 0.00 | 10.00 | 10.00 | ERROR | |
| r-oldrel-macos-x86_64 | 2.2.9 | 28.00 | 146.00 | 174.00 | OK | |
| r-oldrel-windows-x86_64 | 2.2.9 | 41.00 | 194.00 | 235.00 | OK |
Version: 2.2.9
Check: whether package can be installed
Result: ERROR
Installation failed.
Flavor: r-oldrel-macos-arm64