Last updated on 2025-10-23 10:48:40 CEST.
Flavor | Version | Tinstall | Tcheck | Ttotal | Status | Flags |
---|---|---|---|---|---|---|
r-devel-linux-x86_64-debian-clang | 3.0.1 | 12.56 | 231.63 | 244.19 | NOTE | |
r-devel-linux-x86_64-debian-gcc | 3.0.1 | 8.32 | 165.83 | 174.15 | OK | |
r-devel-linux-x86_64-fedora-clang | 3.0.1 | 28.00 | 330.46 | 358.46 | OK | |
r-devel-linux-x86_64-fedora-gcc | 3.0.1 | 26.00 | 332.57 | 358.57 | OK | |
r-devel-windows-x86_64 | 3.0.1 | 17.00 | 282.00 | 299.00 | OK | |
r-patched-linux-x86_64 | 3.0.1 | 13.92 | 216.00 | 229.92 | OK | |
r-release-linux-x86_64 | 3.0.1 | 11.94 | 215.37 | 227.31 | OK | |
r-release-macos-arm64 | 3.0.1 | 6.00 | 147.00 | 153.00 | OK | |
r-release-macos-x86_64 | 3.0.1 | 14.00 | 214.00 | 228.00 | OK | |
r-release-windows-x86_64 | 3.0.1 | 22.00 | 285.00 | 307.00 | OK | |
r-oldrel-macos-arm64 | 3.0.1 | 7.00 | 133.00 | 140.00 | NOTE | |
r-oldrel-macos-x86_64 | 3.0.1 | 17.00 | 250.00 | 267.00 | NOTE | |
r-oldrel-windows-x86_64 | 3.0.1 | 21.00 | 337.00 | 358.00 | ERROR |
Version: 3.0.1
Check: HTML version of manual
Result: NOTE
Found the following HTML validation problems:
log_message.html:62:1 (log_message.Rd:18): Warning: missing </ul> before </div>
logging.html:55:1 (logging.Rd:14): Warning: missing </ul> before </div>
plot_with_seed.html:95:1 (plot_with_seed.Rd:40): Warning: missing </ul> before </div>
Flavor: r-devel-linux-x86_64-debian-clang
Version: 3.0.1
Check: installed package size
Result: NOTE
installed size is 5.8Mb
sub-directories of 1Mb or more:
doc 2.8Mb
help 1.1Mb
Flavors: r-oldrel-macos-arm64, r-oldrel-macos-x86_64, r-oldrel-windows-x86_64
Version: 3.0.1
Check: tests
Result: ERROR
Running 'testthat.R' [122s]
Running the tests in 'tests/testthat.R' failed.
Complete output:
> # This file is part of the standard setup for testthat.
> # It is recommended that you do not modify it.
> #
> # Where should you do additional test configuration?
> # Learn more about the roles of various files in:
> # * https://r-pkgs.org/testing-design.html#sec-tests-files-overview
> # * https://testthat.r-lib.org/articles/special-files.html
>
> library(testthat)
> library(eyeris)
eyeris v3.0.1 - Lumpy Space Princess ꒰•ᴗ•。꒱۶
Welcome! Type ?`eyeris` to get started.
>
> test_check("eyeris")
i [2025-10-22 06:07:15] [INFO] Created output directory:
D:\temp\2025_10_21_12_46_10_10564\RtmpiuAj0N/test_chunked_output
v [2025-10-22 06:07:15] [OKAY] Connected to eyeris database:
D:\temp\2025_10_21_12_46_10_10564\RtmpiuAj0N/bids_test/derivatives/test-db.eyerisdb
i [2025-10-22 06:07:15] [INFO] Exporting data types: confounds_summary
i [2025-10-22 06:07:15] [INFO] Processing data type: confounds_summary
i [2025-10-22 06:07:15] [INFO] Grouping tables by epoch label...
i [2025-10-22 06:07:15] [INFO] Found 1 epoch label groups for
confounds_summary: _nolabel
i [2025-10-22 06:07:15] [INFO] Analyzing column structures within epoch group
'_nolabel'...
i [2025-10-22 06:07:15] [INFO] Found 2 column-compatible groups within
'_nolabel': goal, stim
i [2025-10-22 06:07:15] [INFO] Processing confounds_summary group 'goal' (2
tables)
i [2025-10-22 06:07:15] [INFO] Using chunked processing (file size limit = 50MB
< 500MB threshold)
i [2025-10-22 06:07:15] [INFO] Processing with file size chunking enabled
i [2025-10-22 06:07:15] [INFO] Starting chunked query processing (chunk size:
50)
i [2025-10-22 06:07:15] [INFO] Query: SELECT * FROM
"confounds_summary_01_task_run01_goal" UNION ALL SELECT * FROM
"confounds_summary_02_task_run01_goal"
i [2025-10-22 06:07:15] [INFO] Processing chunk 1: 50 rows
i [2025-10-22 06:07:15] [INFO] Created output file:
test-db_confounds_summary_goal_chunked_01.csv
i [2025-10-22 06:07:15] [INFO] Processing chunk 2: 50 rows
i [2025-10-22 06:07:15] [INFO] Processing chunk 3: 50 rows
i [2025-10-22 06:07:15] [INFO] No more data to process
v [2025-10-22 06:07:15] [OKAY] Chunked processing complete:
i [2025-10-22 06:07:15] [INFO] Total rows: 150
i [2025-10-22 06:07:15] [INFO] Chunks: 3
i [2025-10-22 06:07:15] [INFO] Processing time: 0 seconds
i [2025-10-22 06:07:15] [INFO] Average rate: 3794 rows/second
i [2025-10-22 06:07:15] [INFO] Processing confounds_summary group 'stim' (1
tables)
i [2025-10-22 06:07:15] [INFO] Using chunked processing (file size limit = 50MB
< 500MB threshold)
i [2025-10-22 06:07:15] [INFO] Processing with file size chunking enabled
i [2025-10-22 06:07:15] [INFO] Starting chunked query processing (chunk size:
50)
i [2025-10-22 06:07:15] [INFO] Query: SELECT * FROM
"confounds_summary_01_task_run01_stim"
i [2025-10-22 06:07:15] [INFO] Processing chunk 1: 50 rows
i [2025-10-22 06:07:15] [INFO] Created output file:
test-db_confounds_summary_stim_chunked_01.csv
i [2025-10-22 06:07:15] [INFO] Processing chunk 2: 50 rows
i [2025-10-22 06:07:15] [INFO] No more data to process
v [2025-10-22 06:07:15] [OKAY] Chunked processing complete:
i [2025-10-22 06:07:15] [INFO] Total rows: 100
i [2025-10-22 06:07:15] [INFO] Chunks: 2
i [2025-10-22 06:07:15] [INFO] Processing time: 0 seconds
i [2025-10-22 06:07:15] [INFO] Average rate: 4244 rows/second
v [2025-10-22 06:07:15] [OKAY] Export complete!
i [2025-10-22 06:07:15] [INFO] Data types exported: 2
i [2025-10-22 06:07:15] [INFO] Total rows exported: 250
i [2025-10-22 06:07:15] [INFO] Output directory:
D:\temp\2025_10_21_12_46_10_10564\RtmpiuAj0N/test_chunked_output
i [2025-10-22 06:07:15] [INFO] Disconnected from eyeris database
i [2025-10-22 06:07:16] [INFO] Created output directory:
D:\temp\2025_10_21_12_46_10_10564\RtmpiuAj0N/size_test_output
v [2025-10-22 06:07:16] [OKAY] Connected to eyeris database:
D:\temp\2025_10_21_12_46_10_10564\RtmpiuAj0N/bids_size_test/derivatives/size-test.eyerisdb
i [2025-10-22 06:07:16] [INFO] Exporting data types: timeseries
i [2025-10-22 06:07:16] [INFO] Processing data type: timeseries
i [2025-10-22 06:07:16] [INFO] Processing timeseries group 'all' (1 tables)
i [2025-10-22 06:07:16] [INFO] Using chunked processing (file size limit =
0.05MB < 500MB threshold)
i [2025-10-22 06:07:16] [INFO] Processing with file size chunking enabled
i [2025-10-22 06:07:16] [INFO] Starting chunked query processing (chunk size:
500)
i [2025-10-22 06:07:16] [INFO] Query: SELECT * FROM "timeseries_01_test_run01"
i [2025-10-22 06:07:16] [INFO] Processing chunk 1: 500 rows
i [2025-10-22 06:07:16] [INFO] Created output file:
size-test_timeseries_chunked_01.csv
i [2025-10-22 06:07:16] [INFO] Processing chunk 2: 500 rows
i [2025-10-22 06:07:16] [INFO] Starting new file due to size limit:
size-test_timeseries_chunked_02.csv
i [2025-10-22 06:07:16] [INFO] Created output file:
size-test_timeseries_chunked_02.csv
i [2025-10-22 06:07:16] [INFO] Processing chunk 3: 500 rows
i [2025-10-22 06:07:16] [INFO] Starting new file due to size limit:
size-test_timeseries_chunked_03.csv
i [2025-10-22 06:07:16] [INFO] Created output file:
size-test_timeseries_chunked_03.csv
i [2025-10-22 06:07:16] [INFO] Processing chunk 4: 500 rows
i [2025-10-22 06:07:16] [INFO] Starting new file due to size limit:
size-test_timeseries_chunked_04.csv
i [2025-10-22 06:07:16] [INFO] Created output file:
size-test_timeseries_chunked_04.csv
i [2025-10-22 06:07:16] [INFO] No more data to process
v [2025-10-22 06:07:16] [OKAY] Chunked processing complete:
i [2025-10-22 06:07:16] [INFO] Total rows: 2000
i [2025-10-22 06:07:16] [INFO] Chunks: 4
i [2025-10-22 06:07:16] [INFO] Processing time: 0.1 seconds
i [2025-10-22 06:07:16] [INFO] Average rate: 13557 rows/second
i [2025-10-22 06:07:16] [INFO] Finalizing 4 output files with proper
numbering...
i [2025-10-22 06:07:16] [INFO] Renamed: size-test_timeseries_chunked_01.csv ->
size-test_timeseries_chunked_01-of-04.csv
i [2025-10-22 06:07:16] [INFO] Renamed: size-test_timeseries_chunked_02.csv ->
size-test_timeseries_chunked_02-of-04.csv
i [2025-10-22 06:07:16] [INFO] Renamed: size-test_timeseries_chunked_03.csv ->
size-test_timeseries_chunked_03-of-04.csv
i [2025-10-22 06:07:16] [INFO] Renamed: size-test_timeseries_chunked_04.csv ->
size-test_timeseries_chunked_04-of-04.csv
v [2025-10-22 06:07:16] [OKAY] Export complete!
i [2025-10-22 06:07:16] [INFO] Data types exported: 1
i [2025-10-22 06:07:16] [INFO] Total rows exported: 2000
i [2025-10-22 06:07:16] [INFO] Output directory:
D:\temp\2025_10_21_12_46_10_10564\RtmpiuAj0N/size_test_output
i [2025-10-22 06:07:16] [INFO] Disconnected from eyeris database
v [2025-10-22 06:07:18] [OKAY] Connected to eyeris database:
D:\temp\2025_10_21_12_46_10_10564\RtmpiuAj0N/test_bids/derivatives/user-test.eyerisdb
i [2025-10-22 06:07:18] [INFO] Executing query: SELECT * FROM (SELECT * FROM
"epochs_002_02_memory_run01") as combined_data WHERE 1=1 AND subject_id = '002'
i [2025-10-22 06:07:18] [INFO] Executing query: SELECT * FROM (SELECT * FROM
"epochs_002_02_memory_run01") as combined_data WHERE 1=1 AND subject_id = '002'
AND session_id = '02' AND task_name = 'memory'
i [2025-10-22 06:07:18] [INFO] Disconnected from eyeris database
i [2025-10-22 06:07:20] [INFO] Executing query: SELECT * FROM (SELECT * FROM
"epoch_timeseries_005_01_epochtest_run01_prepostprobe") as combined_data WHERE
1=1 AND subject_id = '005'
v [2025-10-22 06:07:22] [OKAY] Running eyeris::load_asc()
i [2025-10-22 06:07:22] [INFO] Processing block: block_1
v [2025-10-22 06:07:22] [OKAY] Running eyeris::deblink() for block_1
v [2025-10-22 06:07:22] [OKAY] Running eyeris::detransient() for block_1
v [2025-10-22 06:07:22] [OKAY] Running eyeris::interpolate() for block_1
v [2025-10-22 06:07:22] [OKAY] Running eyeris::lpfilt() for block_1
! [2025-10-22 06:07:22] [WARN] Skipping eyeris::downsample() for block_1
! [2025-10-22 06:07:22] [WARN] Skipping eyeris::bin() for block_1
! [2025-10-22 06:07:22] [WARN] Skipping eyeris::detrend() for block_1
v [2025-10-22 06:07:22] [OKAY] Running eyeris::zscore() for block_1
i [2025-10-22 06:07:22] [INFO] Block processing summary:
i [2025-10-22 06:07:22] [INFO] block_1: OK (steps: 6, latest:
pupil_raw_deblink_detransient_interpolate_lpfilt_z)
v [2025-10-22 06:07:22] [OKAY] Running eyeris::summarize_confounds()
i [2025-10-22 06:07:24] [INFO] Plotting block 1 with sampling rate 1000 Hz from
possible blocks: 1
i [2025-10-22 06:07:25] [INFO] Plotting block 1 with sampling rate 1000 Hz from
possible blocks: 1
i [2025-10-22 06:07:26] [INFO] Plotting block 1 with sampling rate 1000 Hz from
possible blocks: 1
i [2025-10-22 06:07:27] [INFO] Plotting block 1 with sampling rate 1000 Hz from
possible blocks: 1
i [2025-10-22 06:07:28] [INFO] Plotting block 1 with sampling rate 1000 Hz from
possible blocks: 1
i [2025-10-22 06:07:29] [INFO] Plotting block 1 with sampling rate 1000 Hz from
possible blocks: 1
i [2025-10-22 06:07:30] [INFO] Plotting block 1 with sampling rate 1000 Hz from
possible blocks: 1
i [2025-10-22 06:07:32] [INFO] Plotting block 1 with sampling rate 1000 Hz from
possible blocks: 1
i [2025-10-22 06:07:33] [INFO] Plotting block 1 with sampling rate 1000 Hz from
possible blocks: 1
i [2025-10-22 06:07:33] [INFO] Plotting block 1 with sampling rate 1000 Hz from
possible blocks: 1
i [2025-10-22 06:07:34] [INFO] Plotting block 1 with sampling rate 1000 Hz from
possible blocks: 1
i [2025-10-22 06:07:35] [INFO] Plotting block 1 with sampling rate 1000 Hz from
possible blocks: 1
i [2025-10-22 06:07:36] [INFO] Plotting block 1 with sampling rate 1000 Hz from
possible blocks: 1
i [2025-10-22 06:07:37] [INFO] Plotting block 1 with sampling rate 1000 Hz from
possible blocks: 1
i [2025-10-22 06:07:38] [INFO] Plotting block 1 with sampling rate 1000 Hz from
possible blocks: 1
i [2025-10-22 06:07:39] [INFO] Plotting block 1 with sampling rate 1000 Hz from
possible blocks: 1
i [2025-10-22 06:07:40] [INFO] Plotting block 1 with sampling rate 1000 Hz from
possible blocks: 1
i [2025-10-22 06:07:40] [INFO] Plotting block 1 with sampling rate 1000 Hz from
possible blocks: 1
! [2025-10-22 06:07:47] [WARN] No detrend data found for run-01
processing file: sub-001.Rmd
output file: sub-001.knit.md
"C:/PROGRA~1/Pandoc/pandoc" +RTS -K512m -RTS sub-001.knit.md --to html4 --from markdown+autolink_bare_uris+tex_math_single_backslash --output sub-001.html --lua-filter "D:\RCompile\CRANpkg\lib\4.4\rmarkdown\rmarkdown\lua\pagebreak.lua" --lua-filter "D:\RCompile\CRANpkg\lib\4.4\rmarkdown\rmarkdown\lua\latex-div.lua" --self-contained --variable bs3=TRUE --section-divs --table-of-contents --toc-depth 6 --variable toc_float=1 --variable toc_selectors=h1,h2,h3,h4,h5,h6 --variable toc_collapsed=1 --variable toc_smooth_scroll=1 --variable toc_print=1 --template "D:\RCompile\CRANpkg\lib\4.4\rmarkdown\rmd\h\default.html" --no-highlight --variable highlightjs=1 --variable theme=bootstrap --css "D:/RCompile/CRANpkg/lib/4.4/eyeris/rmarkdown/css/report.css" --mathjax --variable "mathjax-url=https://mathjax.rstudio.com/latest/MathJax.js?config=TeX-AMS-MML_HTMLorMML" --include-in-header "D:\temp\2025_10_21_12_46_10_10564\RtmpiuAj0N\rmarkdown-straaa0386077dc.html"
File not found in resource path
v [2025-10-22 06:07:48] [OKAY] Running eyeris::load_asc()
i [2025-10-22 06:07:48] [INFO] Processing block: block_1
v [2025-10-22 06:07:48] [OKAY] Running eyeris::deblink() for block_1
v [2025-10-22 06:07:48] [OKAY] Running eyeris::detransient() for block_1
v [2025-10-22 06:07:49] [OKAY] Running eyeris::interpolate() for block_1
v [2025-10-22 06:07:49] [OKAY] Running eyeris::lpfilt() for block_1
! [2025-10-22 06:07:49] [WARN] Skipping eyeris::downsample() for block_1
! [2025-10-22 06:07:49] [WARN] Skipping eyeris::bin() for block_1
! [2025-10-22 06:07:49] [WARN] Skipping eyeris::detrend() for block_1
v [2025-10-22 06:07:49] [OKAY] Running eyeris::zscore() for block_1
i [2025-10-22 06:07:49] [INFO] Block processing summary:
i [2025-10-22 06:07:49] [INFO] block_1: OK (steps: 6, latest:
pupil_raw_deblink_detransient_interpolate_lpfilt_z)
v [2025-10-22 06:07:49] [OKAY] Running eyeris::summarize_confounds()
i [2025-10-22 06:07:51] [INFO] Plotting block 1 with sampling rate 1000 Hz from
possible blocks: 1
i [2025-10-22 06:07:52] [INFO] Plotting block 1 with sampling rate 1000 Hz from
possible blocks: 1
i [2025-10-22 06:07:53] [INFO] Plotting block 1 with sampling rate 1000 Hz from
possible blocks: 1
i [2025-10-22 06:07:54] [INFO] Plotting block 1 with sampling rate 1000 Hz from
possible blocks: 1
i [2025-10-22 06:07:55] [INFO] Plotting block 1 with sampling rate 1000 Hz from
possible blocks: 1
i [2025-10-22 06:07:56] [INFO] Plotting block 1 with sampling rate 1000 Hz from
possible blocks: 1
i [2025-10-22 06:07:57] [INFO] Plotting block 1 with sampling rate 1000 Hz from
possible blocks: 1
i [2025-10-22 06:07:58] [INFO] Plotting block 1 with sampling rate 1000 Hz from
possible blocks: 1
i [2025-10-22 06:07:59] [INFO] Plotting block 1 with sampling rate 1000 Hz from
possible blocks: 1
i [2025-10-22 06:08:00] [INFO] Plotting block 1 with sampling rate 1000 Hz from
possible blocks: 1
i [2025-10-22 06:08:01] [INFO] Plotting block 1 with sampling rate 1000 Hz from
possible blocks: 1
i [2025-10-22 06:08:01] [INFO] Plotting block 1 with sampling rate 1000 Hz from
possible blocks: 1
i [2025-10-22 06:08:02] [INFO] Plotting block 1 with sampling rate 1000 Hz from
possible blocks: 1
i [2025-10-22 06:08:03] [INFO] Plotting block 1 with sampling rate 1000 Hz from
possible blocks: 1
i [2025-10-22 06:08:04] [INFO] Plotting block 1 with sampling rate 1000 Hz from
possible blocks: 1
i [2025-10-22 06:08:05] [INFO] Plotting block 1 with sampling rate 1000 Hz from
possible blocks: 1
i [2025-10-22 06:08:06] [INFO] Plotting block 1 with sampling rate 1000 Hz from
possible blocks: 1
i [2025-10-22 06:08:07] [INFO] Plotting block 1 with sampling rate 1000 Hz from
possible blocks: 1
! [2025-10-22 06:08:12] [WARN] No detrend data found for run-01
processing file: sub-002.Rmd
output file: sub-002.knit.md
"C:/PROGRA~1/Pandoc/pandoc" +RTS -K512m -RTS sub-002.knit.md --to html4 --from markdown+autolink_bare_uris+tex_math_single_backslash --output sub-002.html --lua-filter "D:\RCompile\CRANpkg\lib\4.4\rmarkdown\rmarkdown\lua\pagebreak.lua" --lua-filter "D:\RCompile\CRANpkg\lib\4.4\rmarkdown\rmarkdown\lua\latex-div.lua" --self-contained --variable bs3=TRUE --section-divs --table-of-contents --toc-depth 6 --variable toc_float=1 --variable toc_selectors=h1,h2,h3,h4,h5,h6 --variable toc_collapsed=1 --variable toc_smooth_scroll=1 --variable toc_print=1 --template "D:\RCompile\CRANpkg\lib\4.4\rmarkdown\rmd\h\default.html" --no-highlight --variable highlightjs=1 --variable theme=bootstrap --css "D:/RCompile/CRANpkg/lib/4.4/eyeris/rmarkdown/css/report.css" --mathjax --variable "mathjax-url=https://mathjax.rstudio.com/latest/MathJax.js?config=TeX-AMS-MML_HTMLorMML" --include-in-header "D:\temp\2025_10_21_12_46_10_10564\RtmpiuAj0N\rmarkdown-straaa028f5158c.html"
File not found in resource path
v [2025-10-22 06:08:13] [OKAY] Running eyeris::load_asc()
i [2025-10-22 06:08:13] [INFO] Processing block: block_1
v [2025-10-22 06:08:13] [OKAY] Running eyeris::deblink() for block_1
v [2025-10-22 06:08:13] [OKAY] Running eyeris::detransient() for block_1
v [2025-10-22 06:08:13] [OKAY] Running eyeris::interpolate() for block_1
v [2025-10-22 06:08:13] [OKAY] Running eyeris::lpfilt() for block_1
! [2025-10-22 06:08:13] [WARN] Skipping eyeris::downsample() for block_1
! [2025-10-22 06:08:13] [WARN] Skipping eyeris::bin() for block_1
! [2025-10-22 06:08:13] [WARN] Skipping eyeris::detrend() for block_1
v [2025-10-22 06:08:13] [OKAY] Running eyeris::zscore() for block_1
i [2025-10-22 06:08:14] [INFO] Block processing summary:
i [2025-10-22 06:08:14] [INFO] block_1: OK (steps: 6, latest:
pupil_raw_deblink_detransient_interpolate_lpfilt_z)
v [2025-10-22 06:08:14] [OKAY] Running eyeris::summarize_confounds()
i [2025-10-22 06:08:16] [INFO] Plotting block 1 with sampling rate 1000 Hz from
possible blocks: 1
i [2025-10-22 06:08:17] [INFO] Plotting block 1 with sampling rate 1000 Hz from
possible blocks: 1
i [2025-10-22 06:08:18] [INFO] Plotting block 1 with sampling rate 1000 Hz from
possible blocks: 1
i [2025-10-22 06:08:19] [INFO] Plotting block 1 with sampling rate 1000 Hz from
possible blocks: 1
i [2025-10-22 06:08:20] [INFO] Plotting block 1 with sampling rate 1000 Hz from
possible blocks: 1
i [2025-10-22 06:08:21] [INFO] Plotting block 1 with sampling rate 1000 Hz from
possible blocks: 1
i [2025-10-22 06:08:22] [INFO] Plotting block 1 with sampling rate 1000 Hz from
possible blocks: 1
i [2025-10-22 06:08:23] [INFO] Plotting block 1 with sampling rate 1000 Hz from
possible blocks: 1
i [2025-10-22 06:08:24] [INFO] Plotting block 1 with sampling rate 1000 Hz from
possible blocks: 1
i [2025-10-22 06:08:25] [INFO] Plotting block 1 with sampling rate 1000 Hz from
possible blocks: 1
i [2025-10-22 06:08:26] [INFO] Plotting block 1 with sampling rate 1000 Hz from
possible blocks: 1
i [2025-10-22 06:08:26] [INFO] Plotting block 1 with sampling rate 1000 Hz from
possible blocks: 1
i [2025-10-22 06:08:27] [INFO] Plotting block 1 with sampling rate 1000 Hz from
possible blocks: 1
i [2025-10-22 06:08:28] [INFO] Plotting block 1 with sampling rate 1000 Hz from
possible blocks: 1
i [2025-10-22 06:08:29] [INFO] Plotting block 1 with sampling rate 1000 Hz from
possible blocks: 1
i [2025-10-22 06:08:30] [INFO] Plotting block 1 with sampling rate 1000 Hz from
possible blocks: 1
i [2025-10-22 06:08:31] [INFO] Plotting block 1 with sampling rate 1000 Hz from
possible blocks: 1
i [2025-10-22 06:08:31] [INFO] Plotting block 1 with sampling rate 1000 Hz from
possible blocks: 1
! [2025-10-22 06:08:36] [WARN] No detrend data found for run-01
processing file: sub-003.Rmd
output file: sub-003.knit.md
"C:/PROGRA~1/Pandoc/pandoc" +RTS -K512m -RTS sub-003.knit.md --to html4 --from markdown+autolink_bare_uris+tex_math_single_backslash --output sub-003.html --lua-filter "D:\RCompile\CRANpkg\lib\4.4\rmarkdown\rmarkdown\lua\pagebreak.lua" --lua-filter "D:\RCompile\CRANpkg\lib\4.4\rmarkdown\rmarkdown\lua\latex-div.lua" --self-contained --variable bs3=TRUE --section-divs --table-of-contents --toc-depth 6 --variable toc_float=1 --variable toc_selectors=h1,h2,h3,h4,h5,h6 --variable toc_collapsed=1 --variable toc_smooth_scroll=1 --variable toc_print=1 --template "D:\RCompile\CRANpkg\lib\4.4\rmarkdown\rmd\h\default.html" --no-highlight --variable highlightjs=1 --variable theme=bootstrap --css "D:/RCompile/CRANpkg/lib/4.4/eyeris/rmarkdown/css/report.css" --mathjax --variable "mathjax-url=https://mathjax.rstudio.com/latest/MathJax.js?config=TeX-AMS-MML_HTMLorMML" --include-in-header "D:\temp\2025_10_21_12_46_10_10564\RtmpiuAj0N\rmarkdown-straaa070ef4d08.html"
File not found in resource path
v [2025-10-22 06:08:37] [OKAY] Running eyeris::load_asc()
i [2025-10-22 06:08:37] [INFO] Processing block: block_1
v [2025-10-22 06:08:37] [OKAY] Running eyeris::deblink() for block_1
v [2025-10-22 06:08:37] [OKAY] Running eyeris::detransient() for block_1
v [2025-10-22 06:08:37] [OKAY] Running eyeris::interpolate() for block_1
v [2025-10-22 06:08:37] [OKAY] Running eyeris::lpfilt() for block_1
! [2025-10-22 06:08:38] [WARN] Skipping eyeris::downsample() for block_1
! [2025-10-22 06:08:38] [WARN] Skipping eyeris::bin() for block_1
! [2025-10-22 06:08:38] [WARN] Skipping eyeris::detrend() for block_1
v [2025-10-22 06:08:38] [OKAY] Running eyeris::zscore() for block_1
i [2025-10-22 06:08:38] [INFO] Block processing summary:
i [2025-10-22 06:08:38] [INFO] block_1: OK (steps: 6, latest:
pupil_raw_deblink_detransient_interpolate_lpfilt_z)
v [2025-10-22 06:08:38] [OKAY] Running eyeris::summarize_confounds()
i [2025-10-22 06:08:40] [INFO] Plotting block 1 with sampling rate 1000 Hz from
possible blocks: 1
i [2025-10-22 06:08:41] [INFO] Plotting block 1 with sampling rate 1000 Hz from
possible blocks: 1
i [2025-10-22 06:08:42] [INFO] Plotting block 1 with sampling rate 1000 Hz from
possible blocks: 1
i [2025-10-22 06:08:43] [INFO] Plotting block 1 with sampling rate 1000 Hz from
possible blocks: 1
i [2025-10-22 06:08:44] [INFO] Plotting block 1 with sampling rate 1000 Hz from
possible blocks: 1
i [2025-10-22 06:08:45] [INFO] Plotting block 1 with sampling rate 1000 Hz from
possible blocks: 1
i [2025-10-22 06:08:46] [INFO] Plotting block 1 with sampling rate 1000 Hz from
possible blocks: 1
i [2025-10-22 06:08:47] [INFO] Plotting block 1 with sampling rate 1000 Hz from
possible blocks: 1
i [2025-10-22 06:08:48] [INFO] Plotting block 1 with sampling rate 1000 Hz from
possible blocks: 1
i [2025-10-22 06:08:49] [INFO] Plotting block 1 with sampling rate 1000 Hz from
possible blocks: 1
i [2025-10-22 06:08:50] [INFO] Plotting block 1 with sampling rate 1000 Hz from
possible blocks: 1
i [2025-10-22 06:08:50] [INFO] Plotting block 1 with sampling rate 1000 Hz from
possible blocks: 1
i [2025-10-22 06:08:51] [INFO] Plotting block 1 with sampling rate 1000 Hz from
possible blocks: 1
i [2025-10-22 06:08:52] [INFO] Plotting block 1 with sampling rate 1000 Hz from
possible blocks: 1
i [2025-10-22 06:08:53] [INFO] Plotting block 1 with sampling rate 1000 Hz from
possible blocks: 1
i [2025-10-22 06:08:54] [INFO] Plotting block 1 with sampling rate 1000 Hz from
possible blocks: 1
i [2025-10-22 06:08:55] [INFO] Plotting block 1 with sampling rate 1000 Hz from
possible blocks: 1
i [2025-10-22 06:08:56] [INFO] Plotting block 1 with sampling rate 1000 Hz from
possible blocks: 1
! [2025-10-22 06:09:01] [WARN] No detrend data found for run-01
processing file: sub-004.Rmd
output file: sub-004.knit.md
"C:/PROGRA~1/Pandoc/pandoc" +RTS -K512m -RTS sub-004.knit.md --to html4 --from markdown+autolink_bare_uris+tex_math_single_backslash --output sub-004.html --lua-filter "D:\RCompile\CRANpkg\lib\4.4\rmarkdown\rmarkdown\lua\pagebreak.lua" --lua-filter "D:\RCompile\CRANpkg\lib\4.4\rmarkdown\rmarkdown\lua\latex-div.lua" --self-contained --variable bs3=TRUE --section-divs --table-of-contents --toc-depth 6 --variable toc_float=1 --variable toc_selectors=h1,h2,h3,h4,h5,h6 --variable toc_collapsed=1 --variable toc_smooth_scroll=1 --variable toc_print=1 --template "D:\RCompile\CRANpkg\lib\4.4\rmarkdown\rmd\h\default.html" --no-highlight --variable highlightjs=1 --variable theme=bootstrap --css "D:/RCompile/CRANpkg/lib/4.4/eyeris/rmarkdown/css/report.css" --mathjax --variable "mathjax-url=https://mathjax.rstudio.com/latest/MathJax.js?config=TeX-AMS-MML_HTMLorMML" --include-in-header "D:\temp\2025_10_21_12_46_10_10564\RtmpiuAj0N\rmarkdown-straaa0774924f2.html"
File not found in resource path
i [2025-10-22 06:09:04] [INFO] Disconnected from eyeris database
v [2025-10-22 06:09:04] [OKAY] Connected to eyeris database:
D:\temp\2025_10_21_12_46_10_10564\RtmpiuAj0N/test_bids/derivatives/test-study.eyerisdb
i [2025-10-22 06:09:04] [INFO] Disconnected from eyeris database
i [2025-10-22 06:09:05] [INFO] Disconnected from eyeris database
v [2025-10-22 06:09:05] [OKAY] Connected to eyeris database:
D:\temp\2025_10_21_12_46_10_10564\RtmpiuAj0N/test_bids_read/derivatives/read-test.eyerisdb
i [2025-10-22 06:09:05] [INFO] Disconnected from eyeris database
i [2025-10-22 06:09:05] [INFO] Disconnected from eyeris database
v [2025-10-22 06:09:06] [OKAY] Connected to eyeris database:
D:\temp\2025_10_21_12_46_10_10564\RtmpiuAj0N/test_bids_size/derivatives/size-test.eyerisdb
i [2025-10-22 06:09:06] [INFO] Disconnected from eyeris database
i [2025-10-22 06:09:06] [INFO] Disconnected from eyeris database
v [2025-10-22 06:09:06] [OKAY] Connected to eyeris database:
D:\temp\2025_10_21_12_46_10_10564\RtmpiuAj0N/test_bids_empty/derivatives/empty-test.eyerisdb
! [2025-10-22 06:09:06] [WARN] No valid tables found in database (after
excluding temp tables)
i [2025-10-22 06:09:06] [INFO] Disconnected from eyeris database
v [2025-10-22 06:09:06] [OKAY] Running eyeris::load_asc()
i [2025-10-22 06:09:07] [INFO] Processing block: block_1
v [2025-10-22 06:09:07] [OKAY] Running eyeris::deblink() for block_1
v [2025-10-22 06:09:07] [OKAY] Running eyeris::detransient() for block_1
v [2025-10-22 06:09:07] [OKAY] Running eyeris::interpolate() for block_1
v [2025-10-22 06:09:07] [OKAY] Running eyeris::lpfilt() for block_1
! [2025-10-22 06:09:07] [WARN] Skipping eyeris::downsample() for block_1
! [2025-10-22 06:09:07] [WARN] Skipping eyeris::bin() for block_1
! [2025-10-22 06:09:07] [WARN] Skipping eyeris::detrend() for block_1
v [2025-10-22 06:09:07] [OKAY] Running eyeris::zscore() for block_1
i [2025-10-22 06:09:07] [INFO] Block processing summary:
i [2025-10-22 06:09:07] [INFO] block_1: OK (steps: 6, latest:
pupil_raw_deblink_detransient_interpolate_lpfilt_z)
v [2025-10-22 06:09:07] [OKAY] Running eyeris::summarize_confounds()
v [2025-10-22 06:09:08] [OKAY] Running eyeris::load_asc()
i [2025-10-22 06:09:08] [INFO] Binocular data detected. Processing average
mode.
i [2025-10-22 06:09:08] [INFO] Processing block: block_1
v [2025-10-22 06:09:08] [OKAY] Running eyeris::deblink() for block_1
v [2025-10-22 06:09:08] [OKAY] Running eyeris::detransient() for block_1
v [2025-10-22 06:09:08] [OKAY] Running eyeris::interpolate() for block_1
! [2025-10-22 06:09:08] [WARN] No NAs detected in pupil data... Skipping
interpolation!
v [2025-10-22 06:09:08] [OKAY] Running eyeris::lpfilt() for block_1
! [2025-10-22 06:09:08] [WARN] Skipping eyeris::downsample() for block_1
! [2025-10-22 06:09:08] [WARN] Skipping eyeris::bin() for block_1
! [2025-10-22 06:09:08] [WARN] Skipping eyeris::detrend() for block_1
v [2025-10-22 06:09:08] [OKAY] Running eyeris::zscore() for block_1
i [2025-10-22 06:09:08] [INFO] Block processing summary:
i [2025-10-22 06:09:08] [INFO] block_1: OK (steps: 6, latest:
pupil_raw_deblink_detransient_interpolate_lpfilt_z)
v [2025-10-22 06:09:08] [OKAY] Running eyeris::summarize_confounds()
[ FAIL 4 | WARN 0 | SKIP 0 | PASS 188 ]
══ Failed tests ════════════════════════════════════════════════════════════════
── Failure ('test-parallel-database.R:10:7'): manual parallel processing flag enables temporary databases ──
Expected `{ ... }` to run without any errors.
i Actually got a <simpleError> with text:
pandoc document conversion failed with error 99
Backtrace:
▆
1. ├─withr::with_envvar(...) at test-parallel-database.R:4:3
2. │ └─base::force(code)
3. └─testthat::expect_no_error(...) at test-parallel-database.R:9:5
── Failure ('test-parallel-database.R:32:7'): SLURM environment variables are detected for parallel processing ──
Expected `{ ... }` to run without any errors.
i Actually got a <simpleError> with text:
pandoc document conversion failed with error 99
Backtrace:
▆
1. ├─withr::with_envvar(...) at test-parallel-database.R:28:3
2. │ └─base::force(code)
3. └─testthat::expect_no_error(...) at test-parallel-database.R:31:5
── Failure ('test-parallel-database.R:52:7'): PBS environment variables are detected for parallel processing ──
Expected `{ ... }` to run without any errors.
i Actually got a <simpleError> with text:
pandoc document conversion failed with error 99
Backtrace:
▆
1. ├─withr::with_envvar(...) at test-parallel-database.R:48:3
2. │ └─base::force(code)
3. └─testthat::expect_no_error(...) at test-parallel-database.R:51:5
── Failure ('test-parallel-database.R:71:5'): normal database operation works without parallel processing ──
Expected `{ ... }` to run without any errors.
i Actually got a <simpleError> with text:
pandoc document conversion failed with error 99
[ FAIL 4 | WARN 0 | SKIP 0 | PASS 188 ]
Error: Test failures
Execution halted
Flavor: r-oldrel-windows-x86_64