CRAN Package Check Results for Package excel.link

Last updated on 2025-11-15 11:50:44 CET.

Flavor Version Tinstall Tcheck Ttotal Status Flags
r-devel-windows-x86_64 0.9.15 31.00 59.00 90.00 WARN
r-release-windows-x86_64 0.9.15 24.00 58.00 82.00 NOTE
r-oldrel-windows-x86_64 0.9.15 26.00 70.00 96.00 OK

Check Details

Version: 0.9.15
Check: compiled code
Result: WARN File 'excel.link/libs/x64/excel.link.dll': Found non-API call to R: 'EXTPTR_TAG' This entry point may be removed soon. Compiled code should not call non-API entry points in R. See 'Writing portable packages' in the 'Writing R Extensions' manual, and section 'Moving into C API compliance' for issues with the use of non-API entry points. Flavor: r-devel-windows-x86_64

Version: 0.9.15
Check: compiled code
Result: NOTE File 'excel.link/libs/x64/excel.link.dll': Found non-API call to R: 'EXTPTR_TAG' Compiled code should not call non-API entry points in R. See 'Writing portable packages' in the 'Writing R Extensions' manual, and section 'Moving into C API compliance' for issues with the use of non-API entry points. Flavor: r-release-windows-x86_64