Last updated on 2025-11-02 11:50:20 CET.
| Flavor | Version | Tinstall | Tcheck | Ttotal | Status | Flags |
|---|---|---|---|---|---|---|
| r-devel-linux-x86_64-debian-clang | 1.0.1 | 135.51 | 58.52 | 194.03 | OK | |
| r-devel-linux-x86_64-debian-gcc | 1.0.1 | 84.30 | 43.75 | 128.05 | OK | |
| r-devel-linux-x86_64-fedora-clang | 1.0.1 | 281.00 | 102.18 | 383.18 | OK | |
| r-devel-linux-x86_64-fedora-gcc | 1.0.1 | 249.00 | 83.04 | 332.04 | OK | |
| r-devel-windows-x86_64 | 1.0.1 | 160.00 | 91.00 | 251.00 | OK | |
| r-patched-linux-x86_64 | 1.0.1 | 141.41 | 55.71 | 197.12 | OK | |
| r-release-linux-x86_64 | 1.0.1 | 136.28 | 54.68 | 190.96 | OK | |
| r-release-macos-arm64 | 1.0.1 | 46.00 | 28.00 | 74.00 | OK | |
| r-release-macos-x86_64 | 1.0.1 | 50.00 | 63.00 | 113.00 | OK | |
| r-release-windows-x86_64 | 1.0.1 | 160.00 | 92.00 | 252.00 | OK | |
| r-oldrel-macos-arm64 | 1.0.1 | 46.00 | 32.00 | 78.00 | NOTE | |
| r-oldrel-macos-x86_64 | 1.0.1 | 41.00 | 64.00 | 105.00 | NOTE | |
| r-oldrel-windows-x86_64 | 1.0.1 | 186.00 | 119.00 | 305.00 | OK |
Version: 1.0.1
Check: installed package size
Result: NOTE
installed size is 7.5Mb
sub-directories of 1Mb or more:
libs 6.6Mb
Flavors: r-oldrel-macos-arm64, r-oldrel-macos-x86_64