CRAN Package Check Results for Package ess

Last updated on 2025-11-27 11:50:00 CET.

Flavor Version Tinstall Tcheck Ttotal Status Flags
r-devel-linux-x86_64-debian-clang 1.1.2 22.28 53.80 76.08 NOTE
r-devel-linux-x86_64-debian-gcc 1.1.2 15.79 38.71 54.50 NOTE
r-devel-linux-x86_64-fedora-clang 1.1.2 47.00 77.27 124.27 NOTE
r-devel-linux-x86_64-fedora-gcc 1.1.2 52.00 66.67 118.67 NOTE
r-devel-windows-x86_64 1.1.2 34.00 82.00 116.00 NOTE
r-patched-linux-x86_64 1.1.2 24.30 49.51 73.81 NOTE
r-release-linux-x86_64 1.1.2 24.07 50.12 74.19 NOTE
r-release-macos-arm64 1.1.2 NOTE
r-release-macos-x86_64 1.1.2 15.00 47.00 62.00 NOTE
r-release-windows-x86_64 1.1.2 29.00 98.00 127.00 NOTE
r-oldrel-macos-arm64 1.1.2 NOTE
r-oldrel-macos-x86_64 1.1.2 12.00 34.00 46.00 NOTE
r-oldrel-windows-x86_64 1.1.2 34.00 99.00 133.00 NOTE

Check Details

Version: 1.1.2
Check: CRAN incoming feasibility
Result: NOTE Maintainer: ‘Mads Lindskou <mads@math.aau.dk>’ The Description field contains Garofalakis, Michael I Jordan (2013) <arXiv:1301.2267>. The ESS Please refer to arXiv e-prints via their arXiv DOI <doi:10.48550/arXiv.YYMM.NNNNN>. Flavors: r-devel-linux-x86_64-debian-clang, r-devel-linux-x86_64-debian-gcc

Version: 1.1.2
Check: C++ specification
Result: NOTE Specified C++11: please drop specification unless essential Flavors: r-devel-linux-x86_64-debian-clang, r-devel-linux-x86_64-debian-gcc, r-devel-windows-x86_64, r-patched-linux-x86_64, r-release-linux-x86_64, r-release-macos-arm64, r-release-macos-x86_64, r-release-windows-x86_64, r-oldrel-macos-arm64, r-oldrel-macos-x86_64, r-oldrel-windows-x86_64

Version: 1.1.2
Check: C++ specification
Result: NOTE Specified C++11: support will be removed soon Flavors: r-devel-linux-x86_64-fedora-clang, r-devel-linux-x86_64-fedora-gcc