Last updated on 2025-10-21 09:48:31 CEST.
Flavor | Version | Tinstall | Tcheck | Ttotal | Status | Flags |
---|---|---|---|---|---|---|
r-devel-linux-x86_64-debian-clang | 1.1.3 | 19.71 | 262.64 | 282.35 | OK | |
r-devel-linux-x86_64-debian-gcc | 1.1.3 | 15.27 | 175.68 | 190.95 | NOTE | |
r-devel-linux-x86_64-fedora-clang | 1.1.3 | 453.97 | OK | |||
r-devel-linux-x86_64-fedora-gcc | 1.1.3 | 420.71 | OK | |||
r-devel-windows-x86_64 | 1.1.3 | 23.00 | 203.00 | 226.00 | OK | |
r-patched-linux-x86_64 | 1.1.3 | 20.17 | 252.78 | 272.95 | OK | |
r-release-linux-x86_64 | 1.1.3 | 18.19 | 256.35 | 274.54 | OK | |
r-release-macos-arm64 | 1.1.3 | 104.00 | OK | |||
r-release-macos-x86_64 | 1.1.3 | 216.00 | OK | |||
r-release-windows-x86_64 | 1.1.3 | 23.00 | 207.00 | 230.00 | OK | |
r-oldrel-macos-arm64 | 1.1.3 | 111.00 | OK | |||
r-oldrel-macos-x86_64 | 1.1.3 | 216.00 | OK | |||
r-oldrel-windows-x86_64 | 1.1.3 | 30.00 | 282.00 | 312.00 | OK |
Version: 1.1.3
Check: top-level files
Result: NOTE
Found the following validation problem for the NEWS.Rd HTML conversion:
NEWS.html:611:1 (inst/NEWS.Rd:484): Warning: missing </ul> before </div>
NEWS.html:68:1 (inst/NEWS.Rd:97): Warning: <h4> anchor "BUG-FIXES" already defined
NEWS.html:95:1 (inst/NEWS.Rd:115): Warning: <h4> anchor "NEW-FEATURES" already defined
NEWS.html:108:1 (inst/NEWS.Rd:123): Warning: <h4> anchor "BUG-FIXES" already defined
NEWS.html:121:1 (inst/NEWS.Rd:131): Warning: <h4> anchor "OTHER-USER-VISIBLE-CHANGES" already defined
NEWS.html:143:1 (inst/NEWS.Rd:146): Warning: <h4> anchor "NEW-FEATURES" already defined
NEWS.html:157:1 (inst/NEWS.Rd:154): Warning: <h4> anchor "BUG-FIXES" already defined
NEWS.html:176:1 (inst/NEWS.Rd:168): Warning: <h4> anchor "OTHER-USER-VISIBLE-CHANGES" already defined
NEWS.html:194:1 (inst/NEWS.Rd:180): Warning: <h4> anchor "BUG-FIXES" already defined
NEWS.html:212:1 (inst/NEWS.Rd:191): Warning: <h4> anchor "OTHER-USER-VISIBLE-CHANGES" already defined
NEWS.html:229:1 (inst/NEWS.Rd:203): Warning: <h4> anchor "NEW-FEATURES" already defined
NEWS.html:287:1 (inst/NEWS.Rd:239): Warning: <h4> anchor "BUG-FIXES" already defined
NEWS.html:300:1 (inst/NEWS.Rd:248): Warning: <h4> anchor "OTHER-USER-VISIBLE-CHANGES" already defined
NEWS.html:332:1 (inst/NEWS.Rd:269): Warning: <h4> anchor "NEW-FEATURES" already defined
NEWS.html:350:1 (inst/NEWS.Rd:280): Warning: <h4> anchor "OTHER-USER-VISIBLE-CHANGES" already defined
NEWS.html:363:1 (inst/NEWS.Rd:288): Warning: <h4> anchor "BUG-FIXES" already defined
NEWS.html:396:1 (inst/NEWS.Rd:311): Warning: <h4> anchor "NEW-FEATURES" already defined
NEWS.html:429:1 (inst/NEWS.Rd:332): Warning: <h4> anchor "BUG-FIXES" already defined
NEWS.html:442:1 (inst/NEWS.Rd:341): Warning: <h4> anchor "OTHER-USER-VISIBLE-CHANGES" already defined
NEWS.html:479:1 (inst/NEWS.Rd:364): Warning: <h4> anchor "NEW-FEATURES" already defined
NEWS.html:506:1 (inst/NEWS.Rd:386): Warning: <h4> anchor "BUG-FIXES" already defined
NEWS.html:535:1 (inst/NEWS.Rd:410): Warning: <h4> anchor "OTHER-USER-VISIBLE-CHANGES" already defined
NEWS.html:570:1 (inst/NEWS.Rd:445): Warning: <h4> anchor "NEW-FEATURES" already defined
Flavor: r-devel-linux-x86_64-debian-gcc