Last updated on 2025-11-15 11:50:43 CET.
| Flavor | Version | Tinstall | Tcheck | Ttotal | Status | Flags |
|---|---|---|---|---|---|---|
| r-devel-linux-x86_64-debian-clang | 1.0.0 | 3.08 | 34.52 | 37.60 | NOTE | |
| r-devel-linux-x86_64-debian-gcc | 1.0.0 | 2.69 | 27.33 | 30.02 | NOTE | |
| r-devel-linux-x86_64-fedora-clang | 1.0.0 | 57.51 | OK | |||
| r-devel-linux-x86_64-fedora-gcc | 1.0.0 | 68.26 | OK | |||
| r-devel-windows-x86_64 | 1.0.0 | 6.00 | 52.00 | 58.00 | OK | |
| r-patched-linux-x86_64 | 1.0.0 | 3.52 | 32.12 | 35.64 | OK | |
| r-release-linux-x86_64 | 1.0.0 | 3.27 | 32.03 | 35.30 | OK | |
| r-release-macos-arm64 | 1.0.0 | 2.00 | 25.00 | 27.00 | OK | |
| r-release-macos-x86_64 | 1.0.0 | 3.00 | 45.00 | 48.00 | OK | |
| r-release-windows-x86_64 | 1.0.0 | 5.00 | 50.00 | 55.00 | OK | |
| r-oldrel-macos-arm64 | 1.0.0 | 2.00 | 23.00 | 25.00 | OK | |
| r-oldrel-macos-x86_64 | 1.0.0 | 2.00 | 36.00 | 38.00 | OK | |
| r-oldrel-windows-x86_64 | 1.0.0 | 6.00 | 57.00 | 63.00 | OK |
Version: 1.0.0
Check: CRAN incoming feasibility
Result: NOTE
Maintainer: ‘Bill Denney <wdenney@humanpredictions.com>’
Package CITATION file contains call(s) to old-style citEntry(). Please
use bibentry() instead.
Flavors: r-devel-linux-x86_64-debian-clang, r-devel-linux-x86_64-debian-gcc