Last updated on 2025-11-22 09:49:51 CET.
| Flavor | Version | Tinstall | Tcheck | Ttotal | Status | Flags |
|---|---|---|---|---|---|---|
| r-devel-linux-x86_64-debian-clang | 0.4.0 | 6.04 | 52.48 | 58.52 | OK | |
| r-devel-linux-x86_64-debian-gcc | 0.4.0 | 3.46 | 38.13 | 41.59 | OK | |
| r-devel-linux-x86_64-fedora-clang | 0.4.0 | 12.00 | 72.55 | 84.55 | NOTE | |
| r-devel-linux-x86_64-fedora-gcc | 0.4.0 | 12.00 | 67.73 | 79.73 | NOTE | |
| r-devel-windows-x86_64 | 0.4.0 | 10.00 | 83.00 | 93.00 | OK | |
| r-patched-linux-x86_64 | 0.4.0 | 5.62 | 45.88 | 51.50 | OK | |
| r-release-linux-x86_64 | 0.4.0 | 4.58 | 45.44 | 50.02 | OK | |
| r-release-macos-arm64 | 0.4.0 | OK | ||||
| r-release-macos-x86_64 | 0.4.0 | 6.00 | 72.00 | 78.00 | OK | |
| r-release-windows-x86_64 | 0.4.0 | 10.00 | 81.00 | 91.00 | OK | |
| r-oldrel-macos-arm64 | 0.4.0 | OK | ||||
| r-oldrel-macos-x86_64 | 0.4.0 | 4.00 | 55.00 | 59.00 | OK | |
| r-oldrel-windows-x86_64 | 0.4.0 | 10.00 | 94.00 | 104.00 | OK |
Version: 0.4.0
Check: dependencies in R code
Result: NOTE
Namespace in Imports field not imported from: ‘tinytest’
All declared Imports should be used.
Flavors: r-devel-linux-x86_64-fedora-clang, r-devel-linux-x86_64-fedora-gcc