Last updated on 2025-11-03 09:49:29 CET.
| Flavor | Version | Tinstall | Tcheck | Ttotal | Status | Flags | 
|---|---|---|---|---|---|---|
| r-devel-linux-x86_64-debian-clang | 5.1.8 | 8.19 | 94.98 | 103.17 | NOTE | |
| r-devel-linux-x86_64-debian-gcc | 5.1.8 | 5.08 | 57.96 | 63.04 | NOTE | |
| r-devel-linux-x86_64-fedora-clang | 5.1.8 | 19.00 | 143.08 | 162.08 | OK | |
| r-devel-linux-x86_64-fedora-gcc | 5.1.8 | 19.00 | 132.16 | 151.16 | OK | |
| r-devel-windows-x86_64 | 5.1.8 | 9.00 | 102.00 | 111.00 | OK | |
| r-patched-linux-x86_64 | 5.1.8 | 8.01 | 86.23 | 94.24 | OK | |
| r-release-linux-x86_64 | 5.1.8 | 8.65 | 88.92 | 97.57 | OK | |
| r-release-macos-arm64 | 5.1.8 | 4.00 | 38.00 | 42.00 | OK | |
| r-release-macos-x86_64 | 5.1.8 | 7.00 | 74.00 | 81.00 | OK | |
| r-release-windows-x86_64 | 5.1.8 | 11.00 | 102.00 | 113.00 | OK | |
| r-oldrel-macos-arm64 | 5.1.8 | 4.00 | 36.00 | 40.00 | OK | |
| r-oldrel-macos-x86_64 | 5.1.8 | 5.00 | 56.00 | 61.00 | OK | |
| r-oldrel-windows-x86_64 | 5.1.8 | 10.00 | 130.00 | 140.00 | OK | 
Version: 5.1.8
Check: CRAN incoming feasibility
Result: NOTE
  Maintainer: ‘Chris Fraley <fraley@u.washington.edu>’
  
  No Authors@R field in DESCRIPTION.
  Please add one, modifying
    Authors@R: c(person(given = "Chris",
                        family = "Fraley",
                        role = c("aut", "cre"),
                        email = "fraley@u.washington.edu"),
                 person(given = c("Adrian", "E."),
                        family = "Raftery",
                        role = "aut"),
                 person(given = c("J.", "McLean"),
                        family = "Sloughter",
                        role = "aut"),
                 person(given = "Tilmann",
                        family = "Gneiting",
                        role = "aut"),
                 person(given = c("University", "of"),
                        family = "Washington.",
                        role = "aut"))
  as necessary.
Flavors: r-devel-linux-x86_64-debian-clang, r-devel-linux-x86_64-debian-gcc