CRAN Package Check Results for Package ellipsis

Last updated on 2025-11-24 09:50:31 CET.

Flavor Version Tinstall Tcheck Ttotal Status Flags
r-devel-linux-x86_64-debian-clang 0.3.2 2.55 29.17 31.72 NOTE
r-devel-linux-x86_64-debian-gcc 0.3.2 2.27 22.80 25.07 NOTE
r-devel-linux-x86_64-fedora-clang 0.3.2 46.32 NOTE
r-devel-linux-x86_64-fedora-gcc 0.3.2 43.71 NOTE
r-devel-windows-x86_64 0.3.2 10.00 48.00 58.00 NOTE
r-patched-linux-x86_64 0.3.2 2.63 26.20 28.83 NOTE
r-release-linux-x86_64 0.3.2 2.28 25.76 28.04 NOTE
r-release-macos-arm64 0.3.2 NOTE
r-release-macos-x86_64 0.3.2 4.00 29.00 33.00 NOTE
r-release-windows-x86_64 0.3.2 7.00 47.00 54.00 NOTE
r-oldrel-macos-arm64 0.3.2 OK
r-oldrel-macos-x86_64 0.3.2 3.00 24.00 27.00 OK
r-oldrel-windows-x86_64 0.3.2 8.00 56.00 64.00 OK

Check Details

Version: 0.3.2
Check: compiled code
Result: NOTE File ‘ellipsis/libs/ellipsis.so’: Found non-API calls to R: ‘PRVALUE’, ‘Rf_findVarInFrame3’ Compiled code should not call non-API entry points in R. See ‘Writing portable packages’ in the ‘Writing R Extensions’ manual, and section ‘Moving into C API compliance’ for issues with the use of non-API entry points. Flavors: r-devel-linux-x86_64-debian-clang, r-devel-linux-x86_64-debian-gcc, r-devel-linux-x86_64-fedora-clang, r-devel-linux-x86_64-fedora-gcc, r-patched-linux-x86_64, r-release-linux-x86_64, r-release-macos-arm64, r-release-macos-x86_64

Version: 0.3.2
Check: compiled code
Result: NOTE File 'ellipsis/libs/x64/ellipsis.dll': Found non-API calls to R: 'PRVALUE', 'Rf_findVarInFrame3' Compiled code should not call non-API entry points in R. See 'Writing portable packages' in the 'Writing R Extensions' manual, and section 'Moving into C API compliance' for issues with the use of non-API entry points. Flavors: r-devel-windows-x86_64, r-release-windows-x86_64