Last updated on 2025-10-24 09:50:01 CEST.
| Flavor | Version | Tinstall | Tcheck | Ttotal | Status | Flags |
|---|---|---|---|---|---|---|
| r-devel-linux-x86_64-debian-clang | 1.1 | 2.11 | 28.38 | 30.49 | OK | |
| r-devel-linux-x86_64-debian-gcc | 1.1 | 1.55 | 21.38 | 22.93 | OK | |
| r-devel-linux-x86_64-fedora-clang | 1.1 | 45.54 | NOTE | |||
| r-devel-linux-x86_64-fedora-gcc | 1.1 | 42.00 | NOTE | |||
| r-devel-windows-x86_64 | 1.1 | 3.00 | 45.00 | 48.00 | OK | |
| r-patched-linux-x86_64 | 1.1 | 2.08 | 26.18 | 28.26 | OK | |
| r-release-linux-x86_64 | 1.1 | 1.95 | 26.32 | 28.27 | OK | |
| r-release-macos-arm64 | 1.1 | 1.00 | 16.00 | 17.00 | OK | |
| r-release-macos-x86_64 | 1.1 | 2.00 | 26.00 | 28.00 | OK | |
| r-release-windows-x86_64 | 1.1 | 3.00 | 48.00 | 51.00 | OK | |
| r-oldrel-macos-arm64 | 1.1 | 1.00 | 15.00 | 16.00 | OK | |
| r-oldrel-macos-x86_64 | 1.1 | 3.00 | 23.00 | 26.00 | OK | |
| r-oldrel-windows-x86_64 | 1.1 | 3.00 | 53.00 | 56.00 | OK |
Version: 1.1
Check: dependencies in R code
Result: NOTE
Namespace in Imports field not imported from: ‘graphics’
All declared Imports should be used.
Flavors: r-devel-linux-x86_64-fedora-clang, r-devel-linux-x86_64-fedora-gcc