Last updated on 2025-10-22 09:50:31 CEST.
Flavor | Version | Tinstall | Tcheck | Ttotal | Status | Flags |
---|---|---|---|---|---|---|
r-devel-linux-x86_64-debian-clang | 0.3.0 | 15.89 | 118.45 | 134.34 | NOTE | |
r-devel-linux-x86_64-debian-gcc | 0.3.0 | 11.77 | 88.91 | 100.68 | NOTE | |
r-devel-linux-x86_64-fedora-clang | 0.3.0 | 93.00 | 138.81 | 231.81 | OK | |
r-devel-linux-x86_64-fedora-gcc | 0.3.0 | 31.00 | 184.54 | 215.54 | OK | |
r-devel-windows-x86_64 | 0.3.0 | 18.00 | 110.00 | 128.00 | OK | |
r-patched-linux-x86_64 | 0.3.0 | 13.88 | 116.41 | 130.29 | OK | |
r-release-linux-x86_64 | 0.3.0 | 14.53 | 115.32 | 129.85 | OK | |
r-release-macos-arm64 | 0.3.0 | 6.00 | 49.00 | 55.00 | OK | |
r-release-macos-x86_64 | 0.3.0 | 13.00 | 105.00 | 118.00 | OK | |
r-release-windows-x86_64 | 0.3.0 | 16.00 | 111.00 | 127.00 | OK | |
r-oldrel-macos-arm64 | 0.3.0 | 6.00 | 53.00 | 59.00 | OK | |
r-oldrel-macos-x86_64 | 0.3.0 | 14.00 | 109.00 | 123.00 | OK | |
r-oldrel-windows-x86_64 | 0.3.0 | 22.00 | 144.00 | 166.00 | OK |
Version: 0.3.0
Check: HTML version of manual
Result: NOTE
Found the following HTML validation problems:
ginv.html:46:1 (ginv.Rd:10): Warning: missing </ul> before </div>
Flavors: r-devel-linux-x86_64-debian-clang, r-devel-linux-x86_64-debian-gcc