Last updated on 2025-11-10 10:51:22 CET.
| Flavor | Version | Tinstall | Tcheck | Ttotal | Status | Flags |
|---|---|---|---|---|---|---|
| r-devel-linux-x86_64-debian-clang | 0.5-11 | 5.15 | 56.52 | 61.67 | OK | |
| r-devel-linux-x86_64-debian-gcc | 0.5-11 | 3.43 | 40.57 | 44.00 | OK | |
| r-devel-linux-x86_64-fedora-clang | 0.5-11 | 29.00 | 71.26 | 100.26 | NOTE | |
| r-devel-linux-x86_64-fedora-gcc | 0.5-11 | 12.00 | 93.03 | 105.03 | NOTE | |
| r-devel-windows-x86_64 | 0.5-11 | 8.00 | 90.00 | 98.00 | OK | |
| r-patched-linux-x86_64 | 0.5-11 | 6.28 | 53.27 | 59.55 | OK | |
| r-release-linux-x86_64 | 0.5-11 | 3.61 | 53.09 | 56.70 | OK | |
| r-release-macos-arm64 | 0.5-11 | 3.00 | 42.00 | 45.00 | OK | |
| r-release-macos-x86_64 | 0.5-11 | 4.00 | 59.00 | 63.00 | OK | |
| r-release-windows-x86_64 | 0.5-11 | 6.00 | 87.00 | 93.00 | OK | |
| r-oldrel-macos-arm64 | 0.5-11 | 2.00 | 36.00 | 38.00 | OK | |
| r-oldrel-macos-x86_64 | 0.5-11 | 3.00 | 64.00 | 67.00 | OK | |
| r-oldrel-windows-x86_64 | 0.5-11 | 9.00 | 107.00 | 116.00 | OK |
Version: 0.5-11
Check: dependencies in R code
Result: NOTE
Namespace in Imports field not imported from: ‘rprojroot’
All declared Imports should be used.
Flavors: r-devel-linux-x86_64-fedora-clang, r-devel-linux-x86_64-fedora-gcc