Last updated on 2025-10-30 09:49:48 CET.
| Flavor | Version | Tinstall | Tcheck | Ttotal | Status | Flags | 
|---|---|---|---|---|---|---|
| r-devel-linux-x86_64-debian-clang | 6.0 | 9.21 | 78.18 | 87.39 | NOTE | |
| r-devel-linux-x86_64-debian-gcc | 6.0 | 7.31 | 57.21 | 64.52 | NOTE | |
| r-devel-linux-x86_64-fedora-clang | 6.0 | 46.00 | 101.77 | 147.77 | OK | |
| r-devel-linux-x86_64-fedora-gcc | 6.0 | 46.00 | 96.39 | 142.39 | OK | |
| r-devel-windows-x86_64 | 6.0 | 10.00 | 78.00 | 88.00 | OK | |
| r-patched-linux-x86_64 | 6.0 | 8.77 | 74.15 | 82.92 | OK | |
| r-release-linux-x86_64 | 6.0 | 9.61 | 75.13 | 84.74 | OK | |
| r-release-macos-arm64 | 6.0 | 5.00 | 36.00 | 41.00 | OK | |
| r-release-macos-x86_64 | 6.0 | 10.00 | 72.00 | 82.00 | OK | |
| r-release-windows-x86_64 | 6.0 | 11.00 | 79.00 | 90.00 | OK | |
| r-oldrel-macos-arm64 | 6.0 | 4.00 | 35.00 | 39.00 | OK | |
| r-oldrel-macos-x86_64 | 6.0 | 7.00 | 50.00 | 57.00 | OK | |
| r-oldrel-windows-x86_64 | 6.0 | 15.00 | 175.00 | 190.00 | OK | 
Version: 6.0
Check: CRAN incoming feasibility
Result: NOTE
  Maintainer: ‘Zhicheng Du<dgdzc@hotmail.com>’
  
  No Authors@R field in DESCRIPTION.
  Please add one, modifying
    Authors@R: c(person(given = "Zhicheng",
                        family = "Du",
                        role = c("aut", "cre"),
                        email = "dgdzc@hotmail.com"),
                 person(given = "Yuantao",
                        family = "Hao",
                        role = "aut"))
  as necessary.
Flavors: r-devel-linux-x86_64-debian-clang, r-devel-linux-x86_64-debian-gcc