CRAN Package Check Results for Package eList

Last updated on 2025-11-15 11:50:43 CET.

Flavor Version Tinstall Tcheck Ttotal Status Flags
r-devel-linux-x86_64-debian-clang 0.2.0 2.33 28.77 31.10 NOTE
r-devel-linux-x86_64-debian-gcc 0.2.0 1.95 24.01 25.96 NOTE
r-devel-linux-x86_64-fedora-clang 0.2.0 46.01 OK
r-devel-linux-x86_64-fedora-gcc 0.2.0 59.10 OK
r-devel-windows-x86_64 0.2.0 7.00 48.00 55.00 OK
r-patched-linux-x86_64 0.2.0 2.69 26.10 28.79 OK
r-release-linux-x86_64 0.2.0 2.44 26.37 28.81 OK
r-release-macos-arm64 0.2.0 1.00 34.00 35.00 OK
r-release-macos-x86_64 0.2.0 5.00 63.00 68.00 OK
r-release-windows-x86_64 0.2.0 6.00 46.00 52.00 OK
r-oldrel-macos-arm64 0.2.0 2.00 24.00 26.00 NOTE
r-oldrel-macos-x86_64 0.2.0 2.00 34.00 36.00 NOTE
r-oldrel-windows-x86_64 0.2.0 4.00 52.00 56.00 NOTE

Check Details

Version: 0.2.0
Check: CRAN incoming feasibility
Result: NOTE Maintainer: ‘Chris Mann <cmann3@unl.edu>’ No Authors@R field in DESCRIPTION. Please add one, modifying Authors@R: person(given = "Chris", family = "Mann", role = c("aut", "cre"), email = "cmann3@unl.edu") as necessary. Flavors: r-devel-linux-x86_64-debian-clang, r-devel-linux-x86_64-debian-gcc

Version: 0.2.0
Check: LazyData
Result: NOTE 'LazyData' is specified without a 'data' directory Flavors: r-oldrel-macos-arm64, r-oldrel-macos-x86_64, r-oldrel-windows-x86_64