Last updated on 2025-11-15 11:50:42 CET.
| Flavor | Version | Tinstall | Tcheck | Ttotal | Status | Flags |
|---|---|---|---|---|---|---|
| r-devel-linux-x86_64-debian-clang | 1.1.4 | 23.95 | 299.13 | 323.08 | WARN | |
| r-devel-linux-x86_64-debian-gcc | 1.1.4 | 15.65 | 216.09 | 231.74 | WARN | |
| r-devel-linux-x86_64-fedora-clang | 1.1.4 | 107.00 | 412.84 | 519.84 | WARN | |
| r-devel-linux-x86_64-fedora-gcc | 1.1.4 | 100.00 | 479.29 | 579.29 | WARN | |
| r-devel-windows-x86_64 | 1.1.4 | 38.00 | 296.00 | 334.00 | WARN | |
| r-patched-linux-x86_64 | 1.1.4 | 25.61 | 276.48 | 302.09 | NOTE | |
| r-release-linux-x86_64 | 1.1.4 | 22.67 | 276.98 | 299.65 | NOTE | |
| r-release-macos-arm64 | 1.1.4 | 13.00 | 181.00 | 194.00 | NOTE | |
| r-release-macos-x86_64 | 1.1.4 | 16.00 | 295.00 | 311.00 | NOTE | |
| r-release-windows-x86_64 | 1.1.4 | 34.00 | 297.00 | 331.00 | NOTE | |
| r-oldrel-macos-arm64 | 1.1.4 | 10.00 | 127.00 | 137.00 | OK | |
| r-oldrel-macos-x86_64 | 1.1.4 | 14.00 | 218.00 | 232.00 | OK | |
| r-oldrel-windows-x86_64 | 1.1.4 | 2.00 | 9.00 | 11.00 | ERROR |
Version: 1.1.4
Check: compiled code
Result: WARN
File ‘dplyr/libs/dplyr.so’:
Found non-API calls to R: ‘LEVELS’, ‘OBJECT’, ‘PRVALUE’,
‘R_shallow_duplicate_attr’, ‘Rf_allocSExp’, ‘SET_PRCODE’,
‘SET_PRENV’, ‘SET_PRVALUE’
This entry point may be removed soon:
‘OBJECT’
Compiled code should not call non-API entry points in R.
See ‘Writing portable packages’ in the ‘Writing R Extensions’ manual,
and section ‘Moving into C API compliance’ for issues with the use of
non-API entry points.
Flavors: r-devel-linux-x86_64-debian-clang, r-devel-linux-x86_64-debian-gcc, r-devel-linux-x86_64-fedora-clang, r-devel-linux-x86_64-fedora-gcc
Version: 1.1.4
Check: compiled code
Result: WARN
File 'dplyr/libs/x64/dplyr.dll':
Found non-API calls to R: 'LEVELS', 'OBJECT', 'PRVALUE',
'R_shallow_duplicate_attr', 'Rf_allocSExp', 'SET_PRCODE',
'SET_PRENV', 'SET_PRVALUE'
This entry point may be removed soon:
'OBJECT'
Compiled code should not call non-API entry points in R.
See 'Writing portable packages' in the 'Writing R Extensions' manual,
and section 'Moving into C API compliance' for issues with the use of
non-API entry points.
Flavor: r-devel-windows-x86_64
Version: 1.1.4
Check: compiled code
Result: NOTE
File ‘dplyr/libs/dplyr.so’:
Found non-API calls to R: ‘LEVELS’, ‘OBJECT’, ‘PRVALUE’,
‘R_shallow_duplicate_attr’, ‘Rf_allocSExp’, ‘SET_PRCODE’,
‘SET_PRENV’, ‘SET_PRVALUE’
Compiled code should not call non-API entry points in R.
See ‘Writing portable packages’ in the ‘Writing R Extensions’ manual,
and section ‘Moving into C API compliance’ for issues with the use of
non-API entry points.
Flavors: r-patched-linux-x86_64, r-release-linux-x86_64, r-release-macos-arm64, r-release-macos-x86_64
Version: 1.1.4
Check: compiled code
Result: NOTE
File 'dplyr/libs/x64/dplyr.dll':
Found non-API calls to R: 'LEVELS', 'OBJECT', 'PRVALUE',
'R_shallow_duplicate_attr', 'Rf_allocSExp', 'SET_PRCODE',
'SET_PRENV', 'SET_PRVALUE'
Compiled code should not call non-API entry points in R.
See 'Writing portable packages' in the 'Writing R Extensions' manual,
and section 'Moving into C API compliance' for issues with the use of
non-API entry points.
Flavor: r-release-windows-x86_64
Version: 1.1.4
Check: whether package can be installed
Result: ERROR
Installation failed.
Flavor: r-oldrel-windows-x86_64