Last updated on 2025-10-25 09:49:28 CEST.
| Flavor | Version | Tinstall | Tcheck | Ttotal | Status | Flags |
|---|---|---|---|---|---|---|
| r-devel-linux-x86_64-debian-clang | 1.0 | 1.61 | 24.78 | 26.39 | NOTE | |
| r-devel-linux-x86_64-debian-gcc | 1.0 | 1.55 | 19.58 | 21.13 | NOTE | |
| r-devel-linux-x86_64-fedora-clang | 1.0 | 12.00 | 28.60 | 40.60 | OK | |
| r-devel-linux-x86_64-fedora-gcc | 1.0 | 37.50 | OK | |||
| r-devel-windows-x86_64 | 1.0 | 3.00 | 42.00 | 45.00 | OK | |
| r-patched-linux-x86_64 | 1.0 | 2.03 | 23.51 | 25.54 | OK | |
| r-release-linux-x86_64 | 1.0 | 1.96 | 23.57 | 25.53 | OK | |
| r-release-macos-arm64 | 1.0 | 1.00 | 18.00 | 19.00 | OK | |
| r-release-macos-x86_64 | 1.0 | 3.00 | 25.00 | 28.00 | OK | |
| r-release-windows-x86_64 | 1.0 | 3.00 | 46.00 | 49.00 | OK | |
| r-oldrel-macos-arm64 | 1.0 | 1.00 | 17.00 | 18.00 | OK | |
| r-oldrel-macos-x86_64 | 1.0 | 2.00 | 22.00 | 24.00 | OK | |
| r-oldrel-windows-x86_64 | 1.0 | 4.00 | 49.00 | 53.00 | OK |
Version: 1.0
Check: CRAN incoming feasibility
Result: NOTE
Maintainer: ‘Danail Obreschkow <danail.obreschkow@gmail.com>’
No Authors@R field in DESCRIPTION.
Please add one, modifying
Authors@R: person(given = "Danail",
family = "Obreschkow",
role = c("aut", "cre"),
email = "danail.obreschkow@gmail.com")
as necessary.
Flavors: r-devel-linux-x86_64-debian-clang, r-devel-linux-x86_64-debian-gcc