Last updated on 2025-10-24 09:50:00 CEST.
| Flavor | Version | Tinstall | Tcheck | Ttotal | Status | Flags |
|---|---|---|---|---|---|---|
| r-devel-linux-x86_64-debian-clang | 0.2.6 | 3.08 | 52.03 | 55.11 | OK | |
| r-devel-linux-x86_64-debian-gcc | 0.2.6 | 2.34 | 39.49 | 41.83 | OK | |
| r-devel-linux-x86_64-fedora-clang | 0.2.6 | 14.00 | 73.15 | 87.15 | OK | |
| r-devel-linux-x86_64-fedora-gcc | 0.2.6 | 92.55 | OK | |||
| r-devel-windows-x86_64 | 0.2.6 | 5.00 | 70.00 | 75.00 | OK | |
| r-patched-linux-x86_64 | 0.2.6 | 2.76 | 48.02 | 50.78 | OK | |
| r-release-linux-x86_64 | 0.2.6 | 3.38 | 47.74 | 51.12 | OK | |
| r-release-macos-arm64 | 0.2.6 | 2.00 | 36.00 | 38.00 | OK | |
| r-release-macos-x86_64 | 0.2.6 | 3.00 | 85.00 | 88.00 | OK | |
| r-release-windows-x86_64 | 0.2.6 | 7.00 | 73.00 | 80.00 | OK | |
| r-oldrel-macos-arm64 | 0.2.6 | 2.00 | 36.00 | 38.00 | NOTE | |
| r-oldrel-macos-x86_64 | 0.2.6 | 2.00 | 68.00 | 70.00 | NOTE | |
| r-oldrel-windows-x86_64 | 0.2.6 | 8.00 | 87.00 | 95.00 | NOTE |
Version: 0.2.6
Check: LazyData
Result: NOTE
'LazyData' is specified without a 'data' directory
Flavors: r-oldrel-macos-arm64, r-oldrel-macos-x86_64, r-oldrel-windows-x86_64