Last updated on 2025-11-11 10:49:59 CET.
| Flavor | Version | Tinstall | Tcheck | Ttotal | Status | Flags |
|---|---|---|---|---|---|---|
| r-devel-linux-x86_64-debian-clang | 0.10-1 | 53.04 | 107.89 | 160.93 | OK | |
| r-devel-linux-x86_64-debian-gcc | 0.10-1 | 37.51 | 70.35 | 107.86 | OK | |
| r-devel-linux-x86_64-fedora-clang | 0.10-1 | 113.00 | 149.08 | 262.08 | OK | |
| r-devel-linux-x86_64-fedora-gcc | 0.10-1 | 130.00 | 120.40 | 250.40 | OK | |
| r-devel-windows-x86_64 | 0.10-1 | 68.00 | 137.00 | 205.00 | OK | |
| r-patched-linux-x86_64 | 0.10-1 | 53.97 | 100.39 | 154.36 | OK | |
| r-release-linux-x86_64 | 0.10-1 | 51.45 | 100.26 | 151.71 | OK | |
| r-release-macos-arm64 | 0.10-1 | 28.00 | 36.00 | 64.00 | OK | |
| r-release-macos-x86_64 | 0.10-1 | 45.00 | 76.00 | 121.00 | OK | |
| r-release-windows-x86_64 | 0.10-1 | 77.00 | 136.00 | 213.00 | OK | |
| r-oldrel-macos-arm64 | 0.10-1 | 27.00 | 45.00 | 72.00 | NOTE | |
| r-oldrel-macos-x86_64 | 0.10-1 | 61.00 | 93.00 | 154.00 | NOTE | |
| r-oldrel-windows-x86_64 | 0.10-1 | 94.00 | 175.00 | 269.00 | OK |
Version: 0.10-1
Check: installed package size
Result: NOTE
installed size is 8.1Mb
sub-directories of 1Mb or more:
libs 6.9Mb
Flavors: r-oldrel-macos-arm64, r-oldrel-macos-x86_64