Last updated on 2025-11-08 09:50:43 CET.
| Flavor | Version | Tinstall | Tcheck | Ttotal | Status | Flags |
|---|---|---|---|---|---|---|
| r-devel-linux-x86_64-debian-clang | 2.0.2 | 50.72 | 320.22 | 370.94 | OK | |
| r-devel-linux-x86_64-debian-gcc | 2.0.2 | 36.29 | 182.33 | 218.62 | OK | |
| r-devel-linux-x86_64-fedora-clang | 2.0.2 | 223.00 | 444.67 | 667.67 | OK | |
| r-devel-linux-x86_64-fedora-gcc | 2.0.2 | 316.00 | 344.15 | 660.15 | OK | |
| r-devel-windows-x86_64 | 2.0.2 | 68.00 | 343.00 | 411.00 | OK | |
| r-patched-linux-x86_64 | 2.0.2 | 62.05 | 307.47 | 369.52 | OK | |
| r-release-linux-x86_64 | 2.0.2 | 54.85 | 300.57 | 355.42 | OK | |
| r-release-macos-arm64 | 2.0.2 | 22.00 | 62.00 | 84.00 | OK | |
| r-release-macos-x86_64 | 2.0.2 | 21.00 | 129.00 | 150.00 | OK | |
| r-release-windows-x86_64 | 2.0.2 | 62.00 | 330.00 | 392.00 | OK | |
| r-oldrel-macos-arm64 | 2.0.2 | 19.00 | 69.00 | 88.00 | NOTE | |
| r-oldrel-macos-x86_64 | 2.0.2 | 31.00 | 187.00 | 218.00 | OK | |
| r-oldrel-windows-x86_64 | 2.0.2 | 75.00 | 440.00 | 515.00 | OK |
Version: 2.0.2
Check: installed package size
Result: NOTE
installed size is 5.1Mb
sub-directories of 1Mb or more:
libs 3.4Mb
Flavor: r-oldrel-macos-arm64