Last updated on 2025-11-25 11:51:45 CET.
| Flavor | Version | Tinstall | Tcheck | Ttotal | Status | Flags |
|---|---|---|---|---|---|---|
| r-devel-linux-x86_64-debian-clang | 0.1.0 | 4.77 | 187.90 | 192.67 | OK | |
| r-devel-linux-x86_64-debian-gcc | 0.1.0 | 3.64 | 125.04 | 128.68 | OK | |
| r-devel-linux-x86_64-fedora-clang | 0.1.0 | 20.00 | 290.26 | 310.26 | OK | |
| r-devel-linux-x86_64-fedora-gcc | 0.1.0 | 12.00 | 290.07 | 302.07 | OK | |
| r-release-macos-arm64 | 0.1.0 | 1.00 | 47.00 | 48.00 | OK | |
| r-release-macos-x86_64 | 0.1.0 | 11.00 | 365.00 | 376.00 | OK | |
| r-oldrel-macos-arm64 | 0.1.0 | 1.00 | 54.00 | 55.00 | NOTE | |
| r-oldrel-macos-x86_64 | 0.1.0 | 7.00 | 279.00 | 286.00 | NOTE |
Version: 0.1.0
Check: package dependencies
Result: NOTE
Package suggested but not available for checking: ‘cmdstanr’
Flavors: r-oldrel-macos-arm64, r-oldrel-macos-x86_64