Last updated on 2025-10-31 09:50:14 CET.
| Flavor | Version | Tinstall | Tcheck | Ttotal | Status | Flags | 
|---|---|---|---|---|---|---|
| r-devel-linux-x86_64-debian-clang | 0.70 | 51.81 | 404.72 | 456.53 | NOTE | |
| r-devel-linux-x86_64-debian-gcc | 0.70 | 30.43 | 268.33 | 298.76 | NOTE | |
| r-devel-linux-x86_64-fedora-clang | 0.70 | 249.00 | 532.86 | 781.86 | OK | |
| r-devel-linux-x86_64-fedora-gcc | 0.70 | 374.00 | 351.69 | 725.69 | OK | |
| r-devel-windows-x86_64 | 0.70 | 46.00 | 314.00 | 360.00 | NOTE | |
| r-patched-linux-x86_64 | 0.70 | 45.14 | 388.08 | 433.22 | NOTE | |
| r-release-linux-x86_64 | 0.70 | 42.77 | 385.77 | 428.54 | NOTE | |
| r-release-macos-arm64 | 0.70 | 19.00 | 130.00 | 149.00 | OK | |
| r-release-macos-x86_64 | 0.70 | 21.00 | 121.00 | 142.00 | OK | |
| r-release-windows-x86_64 | 0.70 | 48.00 | 313.00 | 361.00 | NOTE | |
| r-oldrel-macos-arm64 | 0.70 | 8.00 | 56.00 | 64.00 | OK | |
| r-oldrel-macos-x86_64 | 0.70 | 13.00 | 86.00 | 99.00 | OK | |
| r-oldrel-windows-x86_64 | 0.70 | 65.00 | 449.00 | 514.00 | OK | 
Version: 0.70
Check: Rd cross-references
Result: NOTE
  Found the following Rd file(s) with Rd \link{} targets missing package
  anchors:
    gl.diagnostics.sim.Rd: gl.filter.callrate
  Please provide package anchors for all Rd \link{} targets not in the
  package itself and the base packages.
Flavors: r-devel-linux-x86_64-debian-clang, r-devel-linux-x86_64-debian-gcc, r-devel-windows-x86_64, r-patched-linux-x86_64, r-release-linux-x86_64, r-release-windows-x86_64