CRAN Package Check Results for Package cureplots

Last updated on 2025-11-10 10:51:21 CET.

Flavor Version Tinstall Tcheck Ttotal Status Flags
r-devel-linux-x86_64-debian-clang 1.1.1 1.38 29.71 31.09 NOTE
r-devel-linux-x86_64-debian-gcc 1.1.1 1.43 23.23 24.66 NOTE
r-devel-linux-x86_64-fedora-clang 1.1.1 45.23 NOTE
r-devel-linux-x86_64-fedora-gcc 1.1.1 40.78 NOTE
r-devel-windows-x86_64 1.1.1 5.00 46.00 51.00 NOTE
r-patched-linux-x86_64 1.1.1 1.66 26.51 28.17 NOTE
r-release-linux-x86_64 1.1.1 1.46 26.48 27.94 NOTE
r-release-macos-arm64 1.1.1 1.00 18.00 19.00 NOTE
r-release-macos-x86_64 1.1.1 2.00 25.00 27.00 NOTE
r-release-windows-x86_64 1.1.1 4.00 45.00 49.00 NOTE
r-oldrel-macos-arm64 1.1.1 1.00 17.00 18.00 OK
r-oldrel-macos-x86_64 1.1.1 2.00 26.00 28.00 OK
r-oldrel-windows-x86_64 1.1.1 4.00 54.00 58.00 OK

Check Details

Version: 1.1.1
Check: DESCRIPTION meta-information
Result: NOTE Missing dependency on R >= 4.1.0 because package code uses the pipe |> or function shorthand \(...) syntax added in R 4.1.0. File(s) using such syntax: ‘create_cure_dataframe.R’ ‘cure_plot.R’ ‘resample_residuals.R’ Flavors: r-devel-linux-x86_64-debian-clang, r-devel-linux-x86_64-debian-gcc, r-devel-linux-x86_64-fedora-clang, r-devel-linux-x86_64-fedora-gcc, r-devel-windows-x86_64, r-patched-linux-x86_64, r-release-linux-x86_64, r-release-macos-arm64, r-release-macos-x86_64, r-release-windows-x86_64