Last updated on 2025-10-31 09:50:14 CET.
| Flavor | Version | Tinstall | Tcheck | Ttotal | Status | Flags | 
|---|---|---|---|---|---|---|
| r-devel-linux-x86_64-debian-clang | 1.1.1 | 1.27 | 29.66 | 30.93 | NOTE | |
| r-devel-linux-x86_64-debian-gcc | 1.1.1 | 1.38 | 23.01 | 24.39 | NOTE | |
| r-devel-linux-x86_64-fedora-clang | 1.1.1 | 45.23 | NOTE | |||
| r-devel-linux-x86_64-fedora-gcc | 1.1.1 | 41.35 | NOTE | |||
| r-devel-windows-x86_64 | 1.1.1 | 4.00 | 45.00 | 49.00 | NOTE | |
| r-patched-linux-x86_64 | 1.1.1 | 1.44 | 26.85 | 28.29 | NOTE | |
| r-release-linux-x86_64 | 1.1.1 | 1.69 | 26.48 | 28.17 | NOTE | |
| r-release-macos-arm64 | 1.1.1 | 1.00 | 18.00 | 19.00 | NOTE | |
| r-release-macos-x86_64 | 1.1.1 | 2.00 | 25.00 | 27.00 | NOTE | |
| r-release-windows-x86_64 | 1.1.1 | 4.00 | 47.00 | 51.00 | NOTE | |
| r-oldrel-macos-arm64 | 1.1.1 | 1.00 | 17.00 | 18.00 | OK | |
| r-oldrel-macos-x86_64 | 1.1.1 | 2.00 | 26.00 | 28.00 | OK | |
| r-oldrel-windows-x86_64 | 1.1.1 | 5.00 | 59.00 | 64.00 | OK | 
Version: 1.1.1
Check: DESCRIPTION meta-information
Result: NOTE
    Missing dependency on R >= 4.1.0 because package code uses the pipe
    |> or function shorthand \(...) syntax added in R 4.1.0.
    File(s) using such syntax:
      ‘create_cure_dataframe.R’ ‘cure_plot.R’ ‘resample_residuals.R’
Flavors: r-devel-linux-x86_64-debian-clang, r-devel-linux-x86_64-debian-gcc, r-devel-linux-x86_64-fedora-clang, r-devel-linux-x86_64-fedora-gcc, r-devel-windows-x86_64, r-patched-linux-x86_64, r-release-linux-x86_64, r-release-macos-arm64, r-release-macos-x86_64, r-release-windows-x86_64