Last updated on 2025-11-23 12:49:46 CET.
| Flavor | Version | Tinstall | Tcheck | Ttotal | Status | Flags |
|---|---|---|---|---|---|---|
| r-devel-linux-x86_64-debian-clang | 1.0.7 | 35.68 | 682.07 | 717.75 | OK | |
| r-devel-linux-x86_64-debian-gcc | 1.0.7 | 26.46 | 419.43 | 445.89 | OK | |
| r-devel-linux-x86_64-fedora-clang | 1.0.7 | 87.00 | 965.75 | 1052.75 | OK | |
| r-devel-windows-x86_64 | 1.0.7 | 33.00 | 213.00 | 246.00 | OK | --no-vignettes |
| r-patched-linux-x86_64 | 1.0.7 | 35.36 | 627.26 | 662.62 | OK | |
| r-release-linux-x86_64 | 1.0.7 | 38.67 | 633.98 | 672.65 | OK | |
| r-release-macos-arm64 | 1.0.7 | OK | ||||
| r-release-macos-x86_64 | 1.0.7 | 15.00 | ERROR | |||
| r-release-windows-x86_64 | 1.0.7 | 29.00 | 231.00 | 260.00 | OK | --no-vignettes |
| r-oldrel-macos-arm64 | 1.0.7 | OK | ||||
| r-oldrel-macos-x86_64 | 1.0.7 | 16.00 | ERROR | |||
| r-oldrel-windows-x86_64 | 1.0.7 | 1.00 | 14.00 | 15.00 | ERROR | --no-vignettes |
Version: 1.0.7
Check: package dependencies
Result: ERROR
Package required but not available: ‘ctsem’
See section ‘The DESCRIPTION file’ in the ‘Writing R Extensions’
manual.
Flavors: r-release-macos-x86_64, r-oldrel-macos-x86_64
Version: 1.0.7
Flags: --no-vignettes
Check: package dependencies
Result: ERROR
Package required but not available: 'OpenMx'
See section 'The DESCRIPTION file' in the 'Writing R Extensions'
manual.
Flavor: r-oldrel-windows-x86_64