CRAN Package Check Results for Package corclass

Last updated on 2025-11-02 10:50:39 CET.

Flavor Version Tinstall Tcheck Ttotal Status Flags
r-devel-linux-x86_64-debian-clang 0.2.1 2.87 30.84 33.71 NOTE
r-devel-linux-x86_64-debian-gcc 0.2.1 2.13 24.48 26.61 NOTE
r-devel-linux-x86_64-fedora-clang 0.2.1 14.00 39.14 53.14 OK
r-devel-linux-x86_64-fedora-gcc 0.2.1 46.54 OK
r-devel-windows-x86_64 0.2.1 4.00 49.00 53.00 OK
r-patched-linux-x86_64 0.2.1 2.05 29.63 31.68 OK
r-release-linux-x86_64 0.2.1 2.54 29.31 31.85 OK
r-release-macos-arm64 0.2.1 2.00 22.00 24.00 OK
r-release-macos-x86_64 0.2.1 3.00 29.00 32.00 OK
r-release-windows-x86_64 0.2.1 3.00 47.00 50.00 OK
r-oldrel-macos-arm64 0.2.1 1.00 19.00 20.00 OK
r-oldrel-macos-x86_64 0.2.1 3.00 30.00 33.00 OK
r-oldrel-windows-x86_64 0.2.1 5.00 56.00 61.00 OK

Check Details

Version: 0.2.1
Check: CRAN incoming feasibility
Result: NOTE Maintainer: ‘Andrei Boutyline <aboutyl@umich.edu>’ No Authors@R field in DESCRIPTION. Please add one, modifying Authors@R: person(given = "Andrei", family = "Boutyline", role = c("aut", "cre"), email = "aboutyl@umich.edu") as necessary. Flavors: r-devel-linux-x86_64-debian-clang, r-devel-linux-x86_64-debian-gcc