Last updated on 2025-11-02 10:50:39 CET.
| Flavor | Version | Tinstall | Tcheck | Ttotal | Status | Flags |
|---|---|---|---|---|---|---|
| r-devel-linux-x86_64-debian-clang | 1.1-6 | 44.48 | 716.00 | 760.48 | OK | |
| r-devel-linux-x86_64-debian-gcc | 1.1-6 | 25.20 | 491.47 | 516.67 | OK | |
| r-devel-linux-x86_64-fedora-clang | 1.1-6 | 237.00 | 1035.00 | 1272.00 | OK | |
| r-devel-linux-x86_64-fedora-gcc | 1.1-6 | 213.00 | 1029.44 | 1242.44 | OK | |
| r-devel-windows-x86_64 | 1.1-6 | 55.00 | 434.00 | 489.00 | OK | --no-vignettes |
| r-patched-linux-x86_64 | 1.1-6 | 48.95 | 683.31 | 732.26 | OK | |
| r-release-linux-x86_64 | 1.1-6 | 46.47 | 685.25 | 731.72 | OK | |
| r-release-macos-arm64 | 1.1-6 | 20.00 | 344.00 | 364.00 | OK | |
| r-release-macos-x86_64 | 1.1-6 | 69.00 | 666.00 | 735.00 | OK | |
| r-release-windows-x86_64 | 1.1-6 | 56.00 | 427.00 | 483.00 | OK | --no-vignettes |
| r-oldrel-macos-arm64 | 1.1-6 | 20.00 | 284.00 | 304.00 | NOTE | |
| r-oldrel-macos-x86_64 | 1.1-6 | 33.00 | 578.00 | 611.00 | NOTE | |
| r-oldrel-windows-x86_64 | 1.1-6 | 70.00 | 475.00 | 545.00 | NOTE | --no-vignettes |
Version: 1.1-6
Check: installed package size
Result: NOTE
installed size is 7.8Mb
sub-directories of 1Mb or more:
R 2.4Mb
doc 3.2Mb
Flavors: r-oldrel-macos-arm64, r-oldrel-macos-x86_64
Version: 1.1-6
Flags: --no-vignettes
Check: installed package size
Result: NOTE
installed size is 7.3Mb
sub-directories of 1Mb or more:
R 2.1Mb
doc 3.2Mb
Flavor: r-oldrel-windows-x86_64