Last updated on 2025-10-31 09:50:13 CET.
| Flavor | Version | Tinstall | Tcheck | Ttotal | Status | Flags | 
|---|---|---|---|---|---|---|
| r-devel-linux-x86_64-debian-clang | 1.5.5 | 21.87 | 188.45 | 210.32 | OK | |
| r-devel-linux-x86_64-debian-gcc | 1.5.5 | 14.33 | 132.79 | 147.12 | OK | |
| r-devel-linux-x86_64-fedora-clang | 1.5.5 | 45.00 | 285.69 | 330.69 | OK | |
| r-devel-linux-x86_64-fedora-gcc | 1.5.5 | 53.00 | 268.68 | 321.68 | OK | |
| r-devel-windows-x86_64 | 1.5.5 | 27.00 | 210.00 | 237.00 | OK | |
| r-patched-linux-x86_64 | 1.5.5 | 23.36 | 177.16 | 200.52 | OK | |
| r-release-linux-x86_64 | 1.5.5 | 21.97 | 180.64 | 202.61 | OK | |
| r-release-macos-arm64 | 1.5.5 | 9.00 | 72.00 | 81.00 | OK | |
| r-release-macos-x86_64 | 1.5.5 | 27.00 | 131.00 | 158.00 | WARN | |
| r-release-windows-x86_64 | 1.5.5 | 34.00 | 212.00 | 246.00 | OK | |
| r-oldrel-macos-arm64 | 1.5.5 | 10.00 | 76.00 | 86.00 | OK | |
| r-oldrel-macos-x86_64 | 1.5.5 | 17.00 | 162.00 | 179.00 | OK | |
| r-oldrel-windows-x86_64 | 1.5.5 | 38.00 | 272.00 | 310.00 | OK | 
Version: 1.5.5
Check: for missing documentation entries
Result: WARN
  Fatal error: cannot create 'R_TempDir'
  All user-level objects in a package should have documentation entries.
  See chapter ‘Writing R documentation files’ in the ‘Writing R
  Extensions’ manual.
Flavor: r-release-macos-x86_64