Last updated on 2025-10-21 09:48:28 CEST.
Flavor | Version | Tinstall | Tcheck | Ttotal | Status | Flags |
---|---|---|---|---|---|---|
r-devel-linux-x86_64-debian-clang | 1.0.0 | 5.89 | 80.14 | 86.03 | OK | |
r-devel-linux-x86_64-debian-gcc | 1.0.0 | 4.19 | 60.18 | 64.37 | NOTE | |
r-devel-linux-x86_64-fedora-clang | 1.0.0 | 97.05 | OK | |||
r-devel-linux-x86_64-fedora-gcc | 1.0.0 | 136.66 | OK | |||
r-devel-windows-x86_64 | 1.0.0 | 7.00 | 106.00 | 113.00 | OK | |
r-patched-linux-x86_64 | 1.0.0 | 5.80 | 74.93 | 80.73 | OK | |
r-release-linux-x86_64 | 1.0.0 | 5.74 | 73.68 | 79.42 | OK | |
r-release-macos-arm64 | 1.0.0 | 51.00 | OK | |||
r-release-macos-x86_64 | 1.0.0 | 89.00 | OK | |||
r-release-windows-x86_64 | 1.0.0 | 10.00 | 108.00 | 118.00 | OK | |
r-oldrel-macos-arm64 | 1.0.0 | 53.00 | OK | |||
r-oldrel-macos-x86_64 | 1.0.0 | 98.00 | OK | |||
r-oldrel-windows-x86_64 | 1.0.0 | 10.00 | 124.00 | 134.00 | OK |
Version: 1.0.0
Check: HTML version of manual
Result: NOTE
Found the following HTML validation problems:
Connector.html:102:1 (Connector.Rd:76): Warning: <h5> anchor "Usage" already defined
Connector.html:125:1 (Connector.Rd:89): Warning: <h5> anchor "Usage" already defined
Connector.html:131:1 (Connector.Rd:93): Warning: <h5> anchor "Arguments" already defined
Connector.html:144:1 (Connector.Rd:100): Warning: <h5> anchor "Returns" already defined
Connector.html:161:1 (Connector.Rd:109): Warning: <h5> anchor "Usage" already defined
Connector.html:167:1 (Connector.Rd:113): Warning: <h5> anchor "Arguments" already defined
Connector.html:182:1 (Connector.Rd:122): Warning: <h5> anchor "Returns" already defined
Connector.html:199:1 (Connector.Rd:131): Warning: <h5> anchor "Usage" already defined
Connector.html:205:1 (Connector.Rd:135): Warning: <h5> anchor "Arguments" already defined
Connector.html:222:1 (Connector.Rd:146): Warning: <h5> anchor "Returns" already defined
Connector.html:239:1 (Connector.Rd:155): Warning: <h5> anchor "Usage" already defined
Connector.html:245:1 (Connector.Rd:159): Warning: <h5> anchor "Arguments" already defined
Connector.html:260:1 (Connector.Rd:168): Warning: <h5> anchor "Returns" already defined
Connector.html:277:1 (Connector.Rd:177): Warning: <h5> anchor "Usage" already defined
Connector.html:283:1 (Connector.Rd:181): Warning: <h5> anchor "Arguments" already defined
ConnectorDBI.html:135:1 (ConnectorDBI.Rd:108): Warning: <h5> anchor "Usage" already defined
ConnectorDBI.html:159:1 (ConnectorDBI.Rd:122): Warning: <h5> anchor "Usage" already defined
ConnectorDBI.html:165:1 (ConnectorDBI.Rd:126): Warning: <h5> anchor "Arguments" already defined
ConnectorDBI.html:180:1 (ConnectorDBI.Rd:135): Warning: <h5> anchor "Returns" already defined
ConnectorDBI.html:197:1 (ConnectorDBI.Rd:144): Warning: <h5> anchor "Usage" already defined
ConnectorDBI.html:203:1 (ConnectorDBI.Rd:148): Warning: <h5> anchor "Arguments" already defined
ConnectorFS.html:145:1 (ConnectorFS.Rd:103): Warning: <h5> anchor "Usage" already defined
ConnectorFS.html:151:1 (ConnectorFS.Rd:107): Warning: <h5> anchor "Arguments" already defined
ConnectorFS.html:186:1 (ConnectorFS.Rd:128): Warning: <h5> anchor "Usage" already defined
ConnectorFS.html:192:1 (ConnectorFS.Rd:132): Warning: <h5> anchor "Arguments" already defined
ConnectorFS.html:209:1 (ConnectorFS.Rd:143): Warning: <h5> anchor "Returns" already defined
ConnectorFS.html:227:1 (ConnectorFS.Rd:153): Warning: <h5> anchor "Usage" already defined
ConnectorFS.html:233:1 (ConnectorFS.Rd:157): Warning: <h5> anchor "Arguments" already defined
ConnectorFS.html:248:1 (ConnectorFS.Rd:166): Warning: <h5> anchor "Returns" already defined
ConnectorFS.html:266:1 (ConnectorFS.Rd:176): Warning: <h5> anchor "Usage" already defined
ConnectorFS.html:272:1 (ConnectorFS.Rd:180): Warning: <h5> anchor "Arguments" already defined
ConnectorFS.html:287:1 (ConnectorFS.Rd:189): Warning: <h5> anchor "Returns" already defined
ConnectorFS.html:305:1 (ConnectorFS.Rd:199): Warning: <h5> anchor "Usage" already defined
ConnectorFS.html:311:1 (ConnectorFS.Rd:203): Warning: <h5> anchor "Arguments" already defined
ConnectorFS.html:328:1 (ConnectorFS.Rd:214): Warning: <h5> anchor "Returns" already defined
ConnectorFS.html:346:1 (ConnectorFS.Rd:224): Warning: <h5> anchor "Usage" already defined
ConnectorFS.html:352:1 (ConnectorFS.Rd:228): Warning: <h5> anchor "Arguments" already defined
ConnectorFS.html:369:1 (ConnectorFS.Rd:239): Warning: <h5> anchor "Returns" already defined
ConnectorFS.html:387:1 (ConnectorFS.Rd:249): Warning: <h5> anchor "Usage" already defined
ConnectorFS.html:393:1 (ConnectorFS.Rd:253): Warning: <h5> anchor "Arguments" already defined
ConnectorFS.html:408:1 (ConnectorFS.Rd:262): Warning: <h5> anchor "Returns" already defined
ConnectorFS.html:425:1 (ConnectorFS.Rd:271): Warning: <h5> anchor "Usage" already defined
ConnectorFS.html:431:1 (ConnectorFS.Rd:275): Warning: <h5> anchor "Arguments" already defined
connector-options.html:113:1 (connector-options.Rd:54): Warning: missing </ul> before </div>
datasources.html:46:1 (datasources.Rd:10): Warning: missing </ul> before </div>
Flavor: r-devel-linux-x86_64-debian-gcc