Last updated on 2025-11-21 09:48:58 CET.
| Flavor | Version | Tinstall | Tcheck | Ttotal | Status | Flags |
|---|---|---|---|---|---|---|
| r-devel-linux-x86_64-debian-clang | 1.0.1 | 2.14 | 45.74 | 47.88 | NOTE | |
| r-devel-linux-x86_64-debian-gcc | 1.0.1 | 1.31 | 32.22 | 33.53 | NOTE | |
| r-devel-linux-x86_64-fedora-clang | 1.0.1 | 76.19 | OK | |||
| r-devel-linux-x86_64-fedora-gcc | 1.0.1 | 85.32 | OK | |||
| r-devel-windows-x86_64 | 1.0.1 | 4.00 | 56.00 | 60.00 | OK | |
| r-patched-linux-x86_64 | 1.0.1 | 1.82 | 43.06 | 44.88 | OK | |
| r-release-linux-x86_64 | 1.0.1 | 2.05 | 42.46 | 44.51 | OK | |
| r-release-macos-arm64 | 1.0.1 | OK | ||||
| r-release-macos-x86_64 | 1.0.1 | 3.00 | 77.00 | 80.00 | OK | |
| r-release-windows-x86_64 | 1.0.1 | 3.00 | 56.00 | 59.00 | OK | |
| r-oldrel-macos-arm64 | 1.0.1 | NOTE | ||||
| r-oldrel-macos-x86_64 | 1.0.1 | 2.00 | 43.00 | 45.00 | NOTE | |
| r-oldrel-windows-x86_64 | 1.0.1 | 4.00 | 70.00 | 74.00 | NOTE |
Version: 1.0.1
Check: CRAN incoming feasibility
Result: NOTE
Maintainer: ‘Xiaotian Zhu <xiaotian.zhu.psualum@gmail.com>’
No Authors@R field in DESCRIPTION.
Please add one, modifying
Authors@R: person(given = "Xiaotian",
family = "Zhu",
role = c("aut", "cre"),
email = "xiaotian.zhu.psualum@gmail.com")
as necessary.
Flavors: r-devel-linux-x86_64-debian-clang, r-devel-linux-x86_64-debian-gcc
Version: 1.0.1
Check: LazyData
Result: NOTE
'LazyData' is specified without a 'data' directory
Flavors: r-oldrel-macos-arm64, r-oldrel-macos-x86_64, r-oldrel-windows-x86_64